{"id":4310,"date":"2020-11-22T13:30:45","date_gmt":"2020-11-22T06:30:45","guid":{"rendered":"http:\/\/honda2.maugiaodien.com\/?post_type=product&#038;p=4310"},"modified":"2021-12-02T10:40:48","modified_gmt":"2021-12-02T03:40:48","slug":"honda-accord-2020","status":"publish","type":"product","link":"https:\/\/khowordpress.com\/honda1\/honda-accord\/honda-accord-2020.html","title":{"rendered":"Honda Accord 2020"},"content":{"rendered":"<p>Honda Accord 2020 ho\u00e0n to\u00e0n m\u1edbi th\u1ebf h\u1ec7 th\u1ee9 10 v\u1eeba ra m\u1eaft to\u00e0n c\u1ea7u t\u1ea1i Detroit h\u00f4m quan 14\/07 v\u1edbi nhi\u1ec1u c\u1ea3i ti\u1ebfn \u0111\u00e1ng k\u1ec3 so v\u1edbi nh\u1eefng d\u00f2ng xe Accord phi\u00ean b\u1ea3n c\u0169 tr\u01b0\u1edbc \u0111\u00e2y th\u00ec Accord 2020 l\u1ea7n n\u00e0y s\u1ebd mang t\u1edbi nhi\u1ec1u tr\u1ea3i nghi\u1ec7m h\u01a1n cho ng\u01b0\u1eddi d\u00f9ng, kh\u00f4ng ch\u1ec9 v\u1ec1 thi\u1ebft k\u1ebf n\u1ed9i ngo\u1ea1i th\u1ea5t tinh t\u1ebf, s\u1eafc n\u00e9t, uy\u1ec3n chuy\u1ec3n \u0111\u1ea7y c\u00e1 t\u00ednh m\u00e0 c\u00f2n nhi\u1ec1u t\u00ednh n\u0103ng kh\u00e1c nh\u01b0 ti\u1ec7n \u00edch an to\u00e0n c\u00f9ng c\u00e1c thi\u1ebft b\u1ecb hi\u1ec7n \u0111\u1ea1i, c\u00f4ng ngh\u1ec7 cao c\u1ea5p \u0111\u01b0\u1ee3c trang b\u1ecb d\u00e0nh ri\u00eang cho xe.<\/p>\n<p><img decoding=\"async\" src=\"http:\/\/honda2.maugiaodien.com\/media\/2020\/11\/honda-accord-2020-4310.jpg\" alt=\"a720ac68c2c622987bd7.jpg\" width=\"100%\" height=\"auto\" \/><\/p>\n<p>\u0110\u00e2y nh\u01b0 m\u1ed9t b\u01b0\u1edbc chuy\u1ec3n m\u00ecnh nh\u1eb1m mang t\u1edbi cho m\u1ecdi \u0111\u1ed1i t\u01b0\u1ee3ng kh\u00e1ch h\u00e0ng v\u00e0 gi\u1edbi m\u1ed9 \u0111i\u1ec7u y\u00eau xe m\u1ed9t s\u1ef1 h\u00e0i l\u00f2ng tuy\u1ec7t \u0111\u1ed1i v\u1ec1 phi\u00ean b\u1ea3n n\u00e2ng c\u1ea5p th\u1ebf h\u1ec7 m\u1edbi nh\u1ea5t n\u00e0y.<\/p>\n<p>V\u1ec1 thi\u1ebft k\u1ebf, Accord th\u1ebf h\u1ec7 m\u1edbi s\u1edf h\u1eefu ngo\u1ea1i h\u00ecnh th\u1ec3 thao h\u01a1n th\u1ebf h\u1ec7 tr\u01b0\u1edbc v\u00e0 c\u00f3 m\u1ed9t ch\u00fat gi\u1ed1ng nh\u01b0 Civic 2017 nh\u01b0 \u1edf c\u1ee5m \u0111\u00e8n pha\/h\u1eadu v\u00e0 nh\u1eefng \u0111\u01b0\u1eddng g\u00e2n d\u1eadp n\u1ed5i \u1edf hai b\u00ean th\u00e2n v\u00e0 n\u1eafp ca-p\u00f4 xe.<\/p>\n<p><img loading=\"lazy\" decoding=\"async\" src=\"http:\/\/honda2.maugiaodien.com\/media\/2020\/11\/honda-accord-2020-4310-1.jpg\" alt=\"cf57aa1cc4b224ec7da3.jpg\" width=\"1113\" height=\"600\" \/><\/p>\n<p>So s\u00e1nh v\u1edbi ng\u01b0\u1eddi ti\u1ec1n nhi\u1ec7m, Accord th\u1ebf h\u1ec7 m\u1edbi c\u00f3 chi\u1ec1u d\u00e0i c\u01a1 s\u1edf l\u1edbn h\u01a1n 55mm nh\u01b0ng chi\u1ec1u d\u00e0i t\u1ed5ng th\u1ec3 ng\u1eafn h\u01a1n 10mm. V\u1edbi chi\u1ec1u r\u1ed9ng t\u0103ng 10mm v\u00e0 chi\u1ec1u cao gi\u1ea3m 15mm, Accord 2018 s\u1edf h\u1eefu d\u00e1ng v\u1ebb th\u1ec3 thao h\u01a1n phi\u00ean b\u1ea3n c\u0169. H\u1ec7 th\u1ed1ng khung xe c\u0169ng \u0111\u01b0\u1ee3c c\u1ea3i ti\u1ebfn v\u1edbi vi\u1ec7c s\u1eed d\u1ee5ng nhi\u1ec1u h\u01a1n v\u1eadt li\u1ec7u th\u00e9p si\u00eau c\u1ee9ng v\u00e0 nh\u00f4m gi\u00fap xe kh\u00f4ng nh\u1eefng c\u00f3 k\u1ebft c\u1ea5u v\u1eefng ch\u1eafc h\u01a1n, an to\u00e0n h\u01a1n m\u00e0 tr\u1ecdng l\u01b0\u1ee3ng c\u1ee7a xe c\u0169ng \u0111\u01b0\u1ee3c gi\u1ea3m t\u1eeb 50 \u2013 80kg tu\u1ef3 theo phi\u00ean b\u1ea3n.<\/p>\n<p><img loading=\"lazy\" decoding=\"async\" src=\"http:\/\/honda2.maugiaodien.com\/media\/2020\/11\/honda-accord-2020-4310-2.jpg\" alt=\"a8e449af2701c75f9e10.jpg\" width=\"1098\" height=\"600\" \/><\/p>\n<p>Ph\u1ea7n \u0111\u1ea7u c\u1ee7a Honda Accord 2020 nh\u00ecn quen thu\u1ed9c n\u1ebfu b\u1ea1n \u0111\u00e3 th\u1ea5y qua Civic m\u1edbi . Tuy nhi\u00ean n\u00f3 kh\u00f4ng ho\u00e0n to\u00e0n gi\u1ed1ng nhau. C\u00e1c k\u1ef9 s\u01b0 thi\u1ebft k\u1ebf c\u1ee7a Honda \u0111\u00e3 l\u00e0m cho Accord sang tr\u1ecdng h\u01a1n v\u00e0 tinh t\u1ebf h\u01a1n. L\u01b0\u1edbi t\u1ea3n nhi\u1ec7t v\u00e0 thanh ngang m\u1ea1 chrome t\u1ea1o h\u00ecnh kh\u00e1 t\u1ed1t \u0111\u1ec3 kh\u1eb3ng \u0111\u1ecbnh \u0111\u00e2y l\u00e0 m\u1ed9t chi\u1ebfc sedan h\u1ea1ng D. \u0110\u00e8n pha LED g\u1ed3m nhi\u1ec1u cho\u00e1 nh\u1ecf v\u00e0 c\u00f3 thi\u1ebft k\u1ebf m\u1ea3nh, ph\u00f9 h\u1ee3p v\u1edbi thanh ngang.<\/p>\n<p><img loading=\"lazy\" decoding=\"async\" src=\"http:\/\/honda2.maugiaodien.com\/media\/2020\/11\/honda-accord-2020-4310-3.jpg\" alt=\"2.jpg\" width=\"720\" height=\"480\" \/><\/p>\n<p>Accord 2020 s\u1edf h\u1eefu c\u00f4ng ngh\u1ec7 LED \u1edf h\u1ec7 th\u1ed1ng \u0111\u00e8n pha, \u0111\u00e8n s\u01b0\u01a1ng m\u00f9 v\u00e0 \u0111en h\u1eadu. C\u1ee5m \u1ed1ng x\u1ea3 th\u1ec3 thao d\u1ea1ng k\u00e9p \u0111i c\u00f9ng c\u1ea3n sau v\u1edbi c\u00e1nh gi\u00f3 nh\u1ecf l\u00e0m ph\u1ea7n \u0111u\u00f4i chi\u1ebfc xe kh\u00ed \u0111\u1ed9ng h\u1ecdc h\u01a1n v\u00e0 b\u1ed9 m\u00e2m h\u1ee3p kim 5 ch\u1ea5u xo\u00e1y k\u00edch th\u01b0\u1edbc 19 inch.<\/p>\n<p><img loading=\"lazy\" decoding=\"async\" src=\"http:\/\/honda2.maugiaodien.com\/media\/2020\/11\/honda-accord-2020-4310-4.jpg\" alt=\"1.jpg\" width=\"720\" height=\"480\" \/><\/p>\n<p>C\u00e1c thay \u0111\u1ed5i v\u1ec1 k\u00edch th\u01b0\u1edbc khung xe t\u1ea1o \u0111i\u1ec1u ki\u1ec7n cho Accord 2018 c\u00f3 m\u1ed9t khoang l\u00e1i r\u1ed9ng r\u00e3i h\u01a1n v\u1edbi kho\u1ea3ng c\u00e1ch gi\u1eefa hai h\u00e0ng gh\u1ebf r\u1ed9ng h\u01a1n 51mm, c\u00e1c gh\u1ebf ng\u1ed3i \u0111\u01b0\u1ee3c \u0111\u1ea9y g\u1ea7n v\u00e0o t\u00e2m xe cho h\u00e0nh kh\u00e1ch c\u00f3 t\u01b0 th\u1ebf ng\u1ed3i tho\u1ea3i m\u00e1i h\u01a1n \u1edf ph\u1ea7n h\u00f4ng v\u00e0 vai. C\u1ed1p \u0111\u1ec3 \u0111\u1ed3 ph\u00eda sau r\u1ed9ng h\u01a1n t\u1edbi 28 l\u00edt \u0111\u1ed5i v\u1edbi c\u00e1c phi\u00ean b\u1ea3n \u0111\u1ed9ng c\u01a1 \u0111\u1ed1t trong v\u00e0 90 l\u00edt \u0111\u1ed1i v\u1edbi phi\u00ean b\u1ea3n hybrid.<\/p>\n<p><img loading=\"lazy\" decoding=\"async\" src=\"http:\/\/honda2.maugiaodien.com\/media\/2020\/11\/honda-accord-2020-4310-5.jpg\" alt=\"4.jpg\" width=\"1600\" height=\"1067\" \/><\/p>\n<p>Kh\u00f4ng c\u00f2n c\u1ea7n s\u1ed1 n\u1eefa m\u00e0 thay v\u00e0o \u0111\u00f3 l\u00e0 c\u00e1c n\u00fat b\u1ea5m g\u1ed3m ch\u1ebf \u0111\u1ed9 P, N v\u00e0 D; n\u00fat ch\u1ebf \u0111\u1ed9 R \u0111\u01b0\u1ee3c l\u00e0m l\u00f5m xu\u1ed1ng \u0111\u1ec3 d\u1ec5 nh\u1eadn bi\u1ebft. D\u01b0\u1edbi ch\u00fat n\u1eefa l\u00e0 n\u00fat ch\u1ecdn ch\u1ebf \u0111\u1ed9 ECON Mode v\u00e0 Sport.<\/p>\n<p>V\u00f4-l\u0103ng m\u1edbi v\u1edbi l\u1eaby chuy\u1ec3n s\u1ed1 ph\u00eda sau. Gh\u1ebf ng\u1ed3i tr\u00ean Honda Accord 2020 \u0111\u01b0\u1ee3c ho\u00e0n thi\u1ec7n v\u1edbi ch\u1ea5t li\u1ec7u da cao c\u1ea5p v\u00e0 c\u00f3 th\u1ec3 \u0111i\u1ec1u ch\u1ec9nh 12 h\u01b0\u1edbng, h\u00e0ng gh\u1ebf tr\u01b0\u1edbc c\u00f3 ch\u1ee9c n\u0103ng l\u00e0m m\u00e1t v\u00e0 s\u01b0\u1edfi, c\u00e1c chi ti\u1ebft nh\u01b0 l\u01b0ng gh\u1ebf, t\u1ef1a \u0111\u1ea7u v\u00e0 \u0111\u1ec7m ng\u1ed3i \u0111\u01b0\u1ee3c thi\u1ebft k\u1ebf t\u1ed1i \u01b0u h\u01a1n nh\u1eb1m t\u1ea1o ra tr\u1ea3i nghi\u1ec7m tho\u1ea3i m\u00e1i nh\u1ea5t cho h\u00e0nh kh\u00e1ch.<\/p>\n<p><img loading=\"lazy\" decoding=\"async\" src=\"http:\/\/honda2.maugiaodien.com\/media\/2020\/11\/honda-accord-2020-4310-6.jpg\" alt=\"5.jpg\" width=\"770\" height=\"410\" \/><\/p>\n<p>Ch\u01b0a h\u1ebft, Accord 2020 c\u00f2n \u0111\u01b0\u1ee3c trang b\u1ecb h\u1ec7 th\u1ed1ng HMI ho\u00e0n to\u00e0n m\u1edbi bao g\u1ed3m m\u1ed9t m\u00e0n h\u00ecnh si\u00eau m\u1ecfng TFT 7 inch v\u00e0 m\u1ed9t m\u00e0n h\u00ecnh hi\u1ec3n th\u1ecb c\u00e1c ch\u1ee9c n\u0103ng li\u00ean quan \u0111\u1ebfn h\u1ec7 th\u1ed1ng \u00e2m thanh 8 inch c\u00f9ng 2 n\u00fam xoay \u1edf hai b\u00ean g\u00f3c d\u01b0\u1edbi, t\u01b0\u01a1ng th\u00edch v\u1edbi Apple CarPlay v\u00e0 Android Auto. Trong khi \u0111\u00f3, t\u00f9y ch\u1ecdn 4 loa v\u1edbi 160W s\u1ebd c\u00f3 tr\u00ean phi\u00ean b\u1ea3n LX, 8 loa\/180W \u1edf b\u1ea3n Sporrt\/EX v\u00e0 10 loa\/450W \u1edf b\u1ea3n EX-L v\u00e0 Touring. T\u1ea5t c\u1ea3 c\u00e1c phi\u00ean b\u1ea3n \u0111\u1ec1u c\u00f3 c\u1ed5ng s\u1ea1c USB, k\u1ebft n\u1ed1i Bluetooth,WiFi,\u2026N\u1ebfu l\u1ef1a ch\u1ecdn phi\u00ean b\u1ea3n cao c\u1ea5p, kh\u00e1ch h\u00e0ng c\u00f3 th\u00eam h\u1ec7 th\u1ed1ng hi\u1ec3n th\u1ecb th\u00f4ng tin tr\u00ean k\u00ednh l\u00e1i.<\/p>\n<p>Ngo\u00e0i ra Accord 2020 t\u00edch h\u1ee3p s\u1eb5n h\u1ec7 th\u1ed1ng HondaLink, cung c\u1ea5p m\u1ed9t s\u1ed1 d\u1ecbch v\u1ee5 nh\u01b0 h\u1ed7 tr\u1ee3 kh\u1ea9n c\u1ea5p, kh\u00f3a\/m\u1edf xe t\u1eeb xa, kh\u1edfi \u0111\u1ed9ng \u0111\u1ed9ng c\u01a1 t\u1eeb xa, theo d\u00f5i v\u1ecb tr\u00ed xe v\u00e0 ki\u1ec3m tra th\u00f4ng tin b\u1ea3o d\u01b0\u1ee1ng.<\/p>\n<p><img loading=\"lazy\" decoding=\"async\" src=\"http:\/\/honda2.maugiaodien.com\/media\/2020\/11\/honda-accord-2020-4310-7.jpg\" alt=\"6.jpg\" width=\"720\" height=\"370\" \/><\/p>\n<p>Tr\u00ean m\u1eabu xe th\u1ebf h\u1ec7 m\u1edbi, Honda Accord \u0111\u01b0\u1ee3c trang b\u1ecb kh\u1ed1i \u0111\u1ed9ng c\u01a1 x\u0103ng t\u0103ng \u00e1p 1.5L t\u01b0\u01a1ng t\u1ef1 nh\u01b0 \u201c\u0111\u00e0n em\u201d Civic, nh\u01b0ng l\u1ea1i c\u00f3 c\u00f4ng su\u1ea5t m\u1ea1nh h\u01a1n m\u1ed9t ch\u00fat \u1edf m\u1ee9c 192 m\u00e3 l\u1ef1c c\u00f9ng h\u1ed9p s\u1ed1 t\u1ef1 \u0111\u1ed9ng CVT.<\/p>\n<p>Trong khi \u0111\u00f3, \u0111\u1ed9ng c\u01a1 V6 3.5L tr\u01b0\u1edbc \u0111\u00f3 l\u1ea1i \u0111\u01b0\u1ee3c thay th\u1ebf b\u1eb1ng lo\u1ea1i t\u0103ng \u00e1p 2.0L v\u1edbi c\u00f4ng su\u1ea5t 252 m\u00e3 l\u1ef1c.Tr\u00ean c\u00e1c phi\u00ean b\u1ea3n t\u0103ng \u00e1p 2.0L m\u00f3i c\u1ee7a xe s\u1ebd s\u1eed d\u1ee5ng h\u1ed9p s\u1ed1 t\u1ef1 \u0111\u1ed9ng 10 c\u1ea5p l\u1ea7n \u0111\u1ea7u ti\u00ean c\u00f3 m\u1eb7t tr\u00ean m\u1ed9t chi\u1ebfc sedan d\u1eabn \u0111\u1ed9ng c\u1ea7u tr\u01b0\u1edbc, c\u00f9ng v\u1edbi h\u1ed9p s\u1ed1 s\u00e0n 6 c\u1ea5p t\u00f9y ch\u1ecdn tr\u00ean c\u00e1c phi\u00ean b\u1ea3n th\u1ec3 thao.<\/p>\n<p><img loading=\"lazy\" decoding=\"async\" src=\"http:\/\/honda2.maugiaodien.com\/media\/2020\/11\/honda-accord-2020-4310-8.jpg\" alt=\"2019 Honda Accord Hybrid (1).jpg\" width=\"1024\" height=\"683\" \/><\/p>\n<p>\u0110\u1ed1i v\u1edbi c\u00e1c kh\u00e1ch h\u00e0ng mu\u1ed1n m\u1ed9t chi\u1ebfc xe th\u00e2n thi\u1ec7n v\u1edbi m\u00f4i tr\u01b0\u1eddng h\u01a1n, Honda s\u1ebd cung c\u1ea5p Accord Hybrid c\u00f3 trang b\u1ecb l\u00e0 \u0111\u1ed9ng c\u01a1 \u0111\u1ed1t trong chu k\u1ef3 Atkinson 2.0 l\u00edt k\u1ebft h\u1ee3p c\u00f9ng hai \u0111\u1ed9ng c\u01a1 \u0111i\u1ec7n. Hi\u1ec7n t\u1ea1i c\u00e1c th\u00f4ng s\u1ed1 hi\u1ec7u su\u1ea5t c\u1ee7a bi\u1ebfn th\u1ec3 \u201cxe xanh\u201d v\u1eabn ch\u01b0a \u0111\u01b0\u1ee3c ti\u1ebft l\u1ed9, nh\u01b0ng Honda \u00f4t\u00f4 qu\u1eadn 2 cho bi\u1ebft h\u1ec7 truy\u1ec1n \u0111\u1ed9ng c\u1ee7a Accord Hybrid s\u1ebd n\u00e2ng cao kh\u1ea3 n\u0103ng v\u1eadn chuy\u1ec3n m\u00e0 kh\u00f4ng c\u1ea7n \u201cc\u00f3 s\u1ef1 th\u1ecfa hi\u1ec7p\u201d gi\u1eefa kh\u00f4ng gian n\u1ed9i th\u1ea5t v\u00e0 khoang h\u00e0nh l\u00fd.<\/p>\n<p><img loading=\"lazy\" decoding=\"async\" src=\"http:\/\/honda2.maugiaodien.com\/media\/2020\/11\/honda-accord-2020-4310-9.jpg\" alt=\"2019-01-16-14_28_33-2018-Accord-honda-rdm-honda-sensing-banner-tout1-1400.jpg-1400\u00d7328_o.png\" width=\"759\" height=\"321\" \/><\/p>\n<p>C\u00f4ng ngh\u1ec7 an to\u00e0n Honda Sensing l\u00e0 trang b\u1ecb ti\u00eau chu\u1ea9n cho t\u1ea5t c\u1ea3 phi\u00ean b\u1ea3n Accord 2020. H\u1ec7 th\u1ed1ng n\u00e0y bao g\u1ed3m h\u00e0ng lo\u1ea1t c\u00e1c camera v\u00e0 c\u1ea3m bi\u1ebfn cho ph\u00e9p t\u1ef1 \u0111\u1ed9ng gi\u1eef kho\u1ea3ng c\u00e1ch v\u1edbi xe ch\u1ea1y tr\u01b0\u1edbc, gi\u1eef xe trong l\u00e0n v\u00e0 th\u1eadm ch\u00ed d\u1eebng xe kh\u1ea9n c\u1ea5p khi ph\u00e1t hi\u1ec7n c\u00f3 th\u1ec3 c\u00f3 va ch\u1ea1m. Kh\u00f4ng d\u1eebng l\u1ea1i \u1edf \u0111\u00f3, Honda Sensing c\u00f2n c\u00f3 th\u1ec3 nh\u1eadn di\u1ec7n bi\u1ec3n b\u00e1o giao th\u00f4ng v\u00e0 hi\u1ec3n th\u1ecb cho ng\u01b0\u1eddi l\u00e1i. Camera l\u00f9i nhi\u1ec1u g\u00f3c \u0111\u1ed9 c\u0169ng \u0111\u01b0\u1ee3c trang b\u1ecb ti\u00eau chu\u1ea9n tr\u00ean m\u1ecdi phi\u00ean b\u1ea3n. Ngo\u00e0i ra kh\u00e1ch h\u00e0ng mua xe c\u00f2n c\u00f3 th\u1ec3 trang b\u1ecb th\u00eam c\u1ea3nh b\u00e1o \u0111i\u1ec3m m\u00f9, c\u1ea3m bi\u1ebfn \u0111\u1ed7 tr\u01b0\u1edbc \u2013 sau, c\u1ea3nh b\u00e1o ph\u01b0\u01a1ng ti\u1ec7n ph\u00eda sau v\u00e0 c\u1ea3nh b\u00e1o t\u1eadp trung cho t\u00e0i x\u1ebf.<\/p>\n<p>T\u1ea5t c\u1ea3 c\u00e1c phi\u00ean b\u1ea3n c\u1ee7a Honda Accord \u0111\u1ec1u \u0111\u01b0\u1ee3c h\u01b0\u1edfng l\u1ee3i t\u1eeb m\u1ed9t c\u1ea5u tr\u00fac th\u00e2n xe nh\u1eb9 h\u01a1n v\u00e0 c\u1ee9ng ch\u1eafc h\u01a1n b\u1eb1ng c\u00e1ch s\u1eed d\u1ee5ng th\u00e9p c\u01b0\u1eddng \u0111\u1ed9 cao. \u0110i\u1ec1u n\u00e0y cho ph\u00e9p chi\u1ebfc sedan c\u00f3 tr\u1ecdng l\u01b0\u1ee3ng nh\u1eb9 h\u01a1n 49,9 \u2013 79,8 kg so v\u1edbi ng\u01b0\u1eddi ti\u1ec1n nhi\u1ec7m.<\/p>\n<p><img loading=\"lazy\" decoding=\"async\" src=\"http:\/\/honda2.maugiaodien.com\/media\/2020\/11\/honda-accord-2020-4310-10.jpg\" alt=\"2019-Honda-Accord-Driving-Through-the-City-Banner-111518.jpg\" width=\"1800\" height=\"752\" \/><\/p>\n<p>V\u1ec1 kh\u1ea3 n\u0103ng x\u1eed l\u00fd, Accord 2020 ho\u00e0n to\u00e0n m\u1edbi \u0111\u00e3 \u0111\u01b0\u1ee3c trang b\u1ecb h\u1ec7 th\u1ed1ng treo ph\u00eda tr\u01b0\u1edbc MacPherson v\u00e0 m\u1ed9t thi\u1ebft l\u1eadp da k\u1ebft n\u1ed1i nh\u1ecf g\u1ecdn h\u01a1n \u1edf ph\u00eda sau. Nh\u1eefng \u0111i\u1ec3m n\u1ed5i b\u1eadt kh\u00e1c bao g\u1ed3m h\u1ec7 th\u1ed1ng gi\u1ea3m ch\u1ea5n th\u00edch \u1ee9ng v\u00e0 trung t\u00e2m c\u1ee7a tr\u1ecdng l\u1ef1c \u0111\u01b0\u1ee3c \u0111\u1eb7t th\u1ea5p h\u01a1n.<\/p>\n<p>Sau l\u1ea7n xu\u1ea5t hi\u1ec7n t\u1ea1i M\u1ef9 n\u0103m 1976, Accord l\u00e0 m\u1ed9t trong nh\u1eefng m\u1eabu xe th\u00e0nh c\u00f4ng nh\u1ea5t c\u1ee7a Honda v\u1edbi kho\u1ea3ng h\u01a1n 13 tri\u1ec7u xe ti\u00eau th\u1ee5.\u00a0Trong n\u0103m 2016, Accord c\u00f9ng Civic v\u00e0 CR-V l\u00e0 ba m\u1eabu xe c\u1ee7a Honda thu\u1ed9c top 10 c\u00e1i t\u00ean b\u00e1n ch\u1ea1y nh\u1ea5t t\u1ea1i M\u1ef9.\u00a0T\u1ea5t c\u1ea3 c\u00e1c bi\u1ebfn th\u1ec3 c\u1ee7a Accord 2020 s\u1ebd \u0111\u01b0\u1ee3c s\u1ea3n xu\u1ea5t t\u1ea1i nh\u00e0 m\u00e1y \u1edf Marysville, Ohio (M\u1ef9). \u0110\u00e2y l\u00e0 m\u1ed9t trong nh\u1eefng nh\u00e0 m\u00e1y \u0111\u01b0\u1ee3c \u0111\u1ea7u t\u01b0 kh\u00e1 nhi\u1ec1u v\u1ec1 d\u00e2y truy\u1ec1n c\u1ea3i ti\u1ebfn v\u00e0 hi\u1ec7u qu\u1ea3 nh\u1ea5t c\u1ee7a h\u00e3ng cho \u0111\u1ebfn th\u1eddi \u0111i\u1ec3m hi\u1ec7n t\u1ea1i.<\/p>\n<p><iframe loading=\"lazy\" src=\"https:\/\/www.youtube.com\/embed\/4NOQNkU8YjE\" width=\"1200\" height=\"650\" frameborder=\"0\" allowfullscreen=\"allowfullscreen\"><span data-mce-type=\"bookmark\" style=\"display: inline-block; width: 0px; overflow: hidden; line-height: 0;\" class=\"mce_SELRES_start\">\ufeff<\/span><span data-mce-type=\"bookmark\" style=\"display: inline-block; width: 0px; overflow: hidden; line-height: 0;\" class=\"mce_SELRES_start\">\ufeff<\/span><\/iframe><\/p>\n","protected":false},"excerpt":{"rendered":"<ul>\n<li>H\u1ed7 tr\u1ee3 mua xe tr\u1ea3 g\u00f3p<\/li>\n<li>\u0110\u0103ng k\u00fd l\u00e1i th\u1eed mi\u1ec5n ph\u00ed<\/li>\n<li>Nhi\u1ec1u ch\u01b0\u01a1ng tr\u00ecnh \u01b0u \u0111\u00e3i &amp; khuy\u1ebfn m\u00e3i<\/li>\n<li>Li\u00ean h\u1ec7 \u0111\u1ec3 \u0111\u01b0\u1ee3c t\u01b0 v\u1ea5n tr\u1ef1c ti\u1ebfp<\/li>\n<\/ul>\n","protected":false},"featured_media":4314,"template":"","meta":{"_acf_changed":false},"product_brand":[],"product_cat":[352],"product_tag":[363,364,362],"class_list":{"0":"post-4310","1":"product","2":"type-product","3":"status-publish","4":"has-post-thumbnail","6":"product_cat-honda-accord","7":"product_tag-mua-xe-honda-accord-tai-ba-don","8":"product_tag-mua-xe-honda-accord-tai-dong-hoi","9":"product_tag-mua-xe-honda-accord-tai-quang-binh","11":"first","12":"instock","13":"shipping-taxable","14":"product-type-simple"},"acf":[],"_links":{"self":[{"href":"https:\/\/khowordpress.com\/honda1\/wp-json\/wp\/v2\/product\/4310","targetHints":{"allow":["GET"]}}],"collection":[{"href":"https:\/\/khowordpress.com\/honda1\/wp-json\/wp\/v2\/product"}],"about":[{"href":"https:\/\/khowordpress.com\/honda1\/wp-json\/wp\/v2\/types\/product"}],"wp:featuredmedia":[{"embeddable":true,"href":"https:\/\/khowordpress.com\/honda1\/wp-json\/wp\/v2\/media\/4314"}],"wp:attachment":[{"href":"https:\/\/khowordpress.com\/honda1\/wp-json\/wp\/v2\/media?parent=4310"}],"wp:term":[{"taxonomy":"product_brand","embeddable":true,"href":"https:\/\/khowordpress.com\/honda1\/wp-json\/wp\/v2\/product_brand?post=4310"},{"taxonomy":"product_cat","embeddable":true,"href":"https:\/\/khowordpress.com\/honda1\/wp-json\/wp\/v2\/product_cat?post=4310"},{"taxonomy":"product_tag","embeddable":true,"href":"https:\/\/khowordpress.com\/honda1\/wp-json\/wp\/v2\/product_tag?post=4310"}],"curies":[{"name":"wp","href":"https:\/\/api.w.org\/{rel}","templated":true}]}}