{"id":189,"date":"2017-08-26T11:45:18","date_gmt":"2017-08-26T04:45:18","guid":{"rendered":"http:\/\/laptopquangbinh.sonqb.com\/?page_id=189"},"modified":"2020-04-07T22:52:48","modified_gmt":"2020-04-07T15:52:48","slug":"gioi-thieu-dai-ly-hyundai-quang-binh","status":"publish","type":"page","link":"https:\/\/khowordpress.com\/huyndai3\/gioi-thieu-dai-ly-hyundai-quang-binh\/","title":{"rendered":"Gi\u1edbi thi\u1ec7u"},"content":{"rendered":"<h2 style=\"text-align: center;\">HYUNDAI QU\u1ea2NG B\u00ccNH \u2013 BI\u1ebeN TH\u00c1CH TH\u1ee8C TH\u00c0NH C\u01a0 H\u1ed8I<\/h2>\n<p>Ng\u00e0y 18\/07\/2018, Hyundai Qu\u1ea3ng B\u00ecnh ch\u00ednh th\u1ee9c \u0111\u01b0\u1ee3c khai tr\u01b0\u01a1ng v\u00e0 \u0111i v\u00e0o ho\u1ea1t \u0111\u1ed9ng, \u0111\u00e1nh d\u1ea5u th\u00eam m\u1ed9t \u0110\u1ea1i l\u00fd \u1ee6y quy\u1ec1n tr\u00ean b\u1ea3n \u0111\u1ed3 Hyundai Th\u00e0nh C\u00f4ng t\u1ea1i Vi\u1ec7t Nam. B\u00ean ch\u00e2n c\u1ea7u Nh\u1eadt L\u1ec7 2 c\u1ee7a Th\u00e0nh ph\u1ed1 \u0110\u1ed3ng H\u1edbi, \u0110\u1ea1i l\u00fd \u0111\u01b0\u1ee3c x\u00e2y d\u1ef1ng \u0111\u1ed3ng b\u1ed9 theo chu\u1ea9n \u0110\u1ea1i l\u00fd 3S (GDSI), t\u1ecda l\u1ea1c tr\u00ean khu \u0111\u1ea5t r\u1ed9ng 2600m2 v\u1edbi ba m\u1eb7t ti\u1ec1n trong l\u00f2ng Trung t\u00e2m c\u1ee7a Th\u00e0nh ph\u1ed1 \u0110\u1ed3ng H\u1edbi, Hyundai Qu\u1ea3ng B\u00ecnh c\u00f3 thi\u1ebft k\u1ebf hi\u1ec7n \u0111\u1ea1i 2 t\u1ea7ng d\u1ecbch v\u1ee5, Showroom tr\u01b0ng b\u00e0y xe v\u1edbi kh\u00f4ng gian r\u1ed9ng, \u0111\u01b0\u1ee3c thi\u1ebft k\u1ebf sang tr\u1ecdng v\u00e0 \u0111\u1eb3ng c\u1ea5p tr\u01b0ng b\u00e0y \u0111\u01b0\u1ee3c c\u00e1c d\u00f2ng xe du l\u1ecbch hi\u1ec7n \u0111\u1ea1i nh\u1ea5t c\u1ee7a Hyundai hi\u1ec7n nay nh\u01b0 Grand i10, Accent, Elantra, Tucson, SantaFe\u2026 V\u1edbi v\u1ecb tr\u00ed thu\u1eadn l\u1ee3i, n\u1eb1m trong khu v\u1ef1c quy ho\u1ea1ch trung t\u00e2m d\u1ecbch v\u1ee5 \u00f4 t\u00f4 c\u1ee7a t\u1ec9nh Qu\u1ea3ng B\u00ecnh, \u0111\u1ed9i ng\u0169 T\u01b0 v\u1ea5n b\u00e1n h\u00e0ng tr\u1ebb v\u00e0 n\u0103ng \u0111\u1ed9ng s\u1ebd mang \u0111\u1ebfn cho kh\u00e1ch h\u00e0ng nh\u1eefng tr\u1ea3i nghi\u1ec7m d\u1ecbch v\u1ee5 sang tr\u1ecdng v\u00e0 kh\u00e1c bi\u1ec7t m\u1ed7i khi \u0111\u1ebfn th\u0103m quan\u00a0 v\u00e0 mua xe t\u1ea1i \u0110\u1ea1i l\u00fd.<\/p>\n<p>X\u01b0\u1edfng d\u1ecbch v\u1ee5 &#8211; ph\u1ee5 t\u00f9ng Hyundai Qu\u1ea3ng B\u00ecnh r\u1ed9ng v\u00e0 \u0111\u01b0\u1ee3c thi\u1ebft k\u1ebf \u0111\u1ed3ng b\u1ed9 theo ti\u00eau chu\u1ea9n Hyundai v\u00e0 \u0111\u00e1p \u1ee9ng c\u00e1c y\u00eau c\u1ea7u \u0111i\u1ec1u ki\u1ec7n c\u1ee7a Ngh\u1ecb \u0110\u1ecbnh 116, kho ph\u1ee5 t\u00f9ng ch\u00ednh h\u00e3ng, \u0111\u00e1p \u1ee9ng c\u00e1c nhu c\u1ea7u b\u1ea3o h\u00e0nh, b\u1ea3o d\u01b0\u1ee1ng, s\u1eeda ch\u1eefa v\u00e0 d\u1ecbch v\u1ee5 \u0111\u1ed3ng s\u01a1n&#8230; C\u00f4ng su\u1ea5t d\u1ecbch v\u1ee5 \u0111\u01b0\u1ee3c thi\u1ebft k\u1ebf \u0111\u1ec3 ph\u1ee5c v\u1ee5 s\u1eeda ch\u1eefa l\u00ean \u0111\u1ebfn 30 -40 l\u01b0\u1ee3t xe m\u1ed7i ng\u00e0y. V\u1edbi \u0111\u1ed9i ng\u0169 k\u1ef9 thu\u1eadt vi\u00ean Hyundai Qu\u1ea3ng B\u00ecnh tay ngh\u1ec1 cao, gi\u00e0u kinh nghi\u1ec7m, d\u1ecbch v\u1ee5 t\u1eadn t\u00e2m, chuy\u00ean nghi\u1ec7p, lu\u00f4n s\u1eb5ng s\u00e0ng \u0111\u00e1p \u1ee9ng t\u1ea5t c\u1ea3 c\u00e1c y\u00eau c\u1ea7u kh\u00f3 kh\u0103n nh\u1ea5t c\u1ee7a kh\u00e1ch h\u00e0ng, nh\u1eb1m mang \u0111\u1ebfn s\u1ef1 h\u00e0i l\u00f2ng cho Qu\u00fd kh\u00e1ch h\u00e0ng khi \u0111\u1ebfn v\u1edbi Hyundai Qu\u1ea3ng B\u00ecnh<\/p>\n<p><img decoding=\"async\" src=\"http:\/\/hyundai3.maugiaodien.com\/wp-content\/uploads\/2020\/04\/gioi-thieu-189.jpg\" \/><\/p>\n<p><img decoding=\"async\" src=\"http:\/\/hyundai3.maugiaodien.com\/wp-content\/uploads\/2020\/04\/gioi-thieu-189-1.jpg\" \/><\/p>\n<p>\u0110\u1eb7c bi\u1ec7t, Hyundai Qu\u1ea3ng B\u00ecnh l\u00e0 \u0110\u1ea1i l\u00fd duy nh\u1ea5t v\u00e0 ti\u00ean phong v\u1ec1 \u1ee9ng d\u1ee5ng c\u00f4ng ngh\u1ec7 m\u1edbi. \u0110\u01b0\u1ee3c \u0111\u1ea7u t\u01b0 b\u00e0i b\u1ea3n v\u1edbi nhi\u1ec1u \u1ee9ng d\u1ee5ng c\u00f4ng ngh\u1ec7 hi\u1ec7n \u0111\u1ea1i v\u00e0 m\u1edbi nh\u1ea5t hi\u1ec7n nay nh\u01b0: \u1ee8ng d\u1ee5ng c\u00f4ng ngh\u1ec7 s\u00e0n ph\u1eb5ng kh\u00f4ng d\u1ea7m v\u01b0\u1ee3t nh\u1ecbp l\u1edbn VRO trong x\u00e2y d\u1ef1ng \u0110\u1ea1i l\u00fd, h\u1ec7 th\u1ed1ng c\u00f4ng ngh\u1ec7 th\u00f4ng tin v\u00e0 b\u1ea3o m\u1eadt c\u1ee7a Meraki Cisco, H\u1ec7 th\u1ed1ng n\u0103ng l\u01b0\u1ee3ng xanh v\u00e0 n\u0103ng l\u01b0\u1ee3ng t\u00e1i t\u1ea1o &#8211; \u1ee9ng d\u1ee5ng N\u0103ng L\u01b0\u1ee3ng m\u1eb7t tr\u1eddi cho vi\u1ec7c cung c\u1ea5p n\u0103ng l\u01b0\u1ee3ng v\u1eadn h\u00e0nh c\u1ee7a \u0110\u1ea1i l\u00fd trong qu\u00e1 tr\u00ecnh ho\u1ea1t \u0111\u1ed9ng,<\/p>\n<p><img decoding=\"async\" class=\"img-responsive\" src=\"http:\/\/hyundai3.maugiaodien.com\/wp-content\/uploads\/2020\/04\/gioi-thieu-189-2.jpg\" alt=\"\" \/><\/p>\n<p>\u0110\u1ec3 h\u1ed7 tr\u1ee3 t\u1ed1i \u0111a cho kh\u00e1ch h\u00e0ng khi \u0111\u1ebfn v\u1edbi d\u1ecbch v\u1ee5, Hyundai Qu\u1ea3ng B\u00ecnh \u0111\u00e3 h\u1ee3p t\u00e1c v\u1edbi c\u00e1c C\u00f4ng ty B\u1ea3o hi\u1ec3m l\u1edbn v\u00e0 uy t\u00edn nh\u1ea5t t\u1ea1i Vi\u1ec7t nam nh\u01b0: Pjico, B\u1ea3o Vi\u1ec7t, PTI, MIC, BIC\u2026 nh\u1eb1m cung \u1ee9ng c\u00e1c d\u1ecbch v\u1ee5 s\u1eeda ch\u1eefa, ti\u1ec7n \u00edch v\u00e0 t\u1ea1o thu\u1eadn l\u1ee3i cho t\u1ea5t c\u1ea3 kh\u00e1ch h\u00e0ng s\u1eed d\u1ee5ng c\u00e1c d\u00f2ng xe du l\u1ecbch t\u1ea1i th\u1ecb tr\u01b0\u1eddng Vi\u1ec7t Nam.<\/p>\n<p><img decoding=\"async\" class=\"img-responsive\" src=\"http:\/\/hyundai3.maugiaodien.com\/wp-content\/uploads\/2020\/04\/gioi-thieu-189-3.jpg\" alt=\"\" \/><\/p>\n<p>Hyundai Qu\u1ea3ng B\u00ecnh tr\u00e2n tr\u1ecdng c\u1ea3m \u01a1n Qu\u00fd kh\u00e1ch h\u00e0ng \u0111\u00e3 tin t\u01b0\u1edfng v\u00e0 \u1ee7ng h\u1ed9 ch\u00fang t\u00f4i su\u1ed1t th\u1eddi gian qua. Ch\u00fang t\u00f4i cam k\u1ebft n\u1ed7 l\u1ef1c h\u1ebft m\u00ecnh mang \u0111\u1ebfn cho Qu\u00fd kh\u00e1ch h\u00e0ng s\u1ef1 h\u00e0i l\u00f2ng v\u1ec1 s\u1ea3n ph\u1ea9m v\u00e0 d\u1ecbch v\u1ee5 t\u1ed1t nh\u1ea5t hi\u1ec7n nay.<\/p>\n<p><strong>SHOWROOM HYUNDAI QU\u1ea2NG B\u00ccNH<\/strong><\/p>\n<p>\u0110\u1ecba ch\u1ec9: QL1A, Ph\u01b0\u1eddng Ph\u00fa H\u1ea3i, Th\u00e0nh Ph\u1ed1 \u0110\u1ed3ng H\u1edbi, T\u1ec9nh Qu\u1ea3ng B\u00ecnh<\/p>\n<p>Hotline: <a href=\"tel:0877222xxx\">0877.222.xxx<\/a><\/p>\n<p>Website: <a href=\"http:\/\/hyundai3.maugiaodien.com\/\">http:\/\/hyundai3.maugiaodien.com<\/a><\/p>\n","protected":false},"excerpt":{"rendered":"<p>HYUNDAI QU\u1ea2NG B\u00ccNH \u2013 BI\u1ebeN TH\u00c1CH TH\u1ee8C TH\u00c0NH C\u01a0 H\u1ed8I Ng\u00e0y 18\/07\/2018, Hyundai Qu\u1ea3ng B\u00ecnh ch\u00ednh th\u1ee9c \u0111\u01b0\u1ee3c khai tr\u01b0\u01a1ng v\u00e0 \u0111i v\u00e0o ho\u1ea1t \u0111\u1ed9ng, \u0111\u00e1nh d\u1ea5u th\u00eam m\u1ed9t \u0110\u1ea1i l\u00fd \u1ee6y quy\u1ec1n tr\u00ean b\u1ea3n \u0111\u1ed3 Hyundai Th\u00e0nh C\u00f4ng t\u1ea1i Vi\u1ec7t Nam. B\u00ean ch\u00e2n c\u1ea7u Nh\u1eadt L\u1ec7 2 c\u1ee7a Th\u00e0nh ph\u1ed1 \u0110\u1ed3ng H\u1edbi, \u0110\u1ea1i l\u00fd..<\/p>\n","protected":false},"author":1,"featured_media":0,"parent":0,"menu_order":0,"comment_status":"open","ping_status":"closed","template":"","meta":{"footnotes":""},"class_list":["post-189","page","type-page","status-publish","hentry"],"yoast_head":"<!-- This site is optimized with the Yoast SEO plugin v26.8 - https:\/\/yoast.com\/product\/yoast-seo-wordpress\/ -->\n<title>Gi\u1edbi thi\u1ec7u - \u0110\u1ea1i L\u00fd Hyundai Qu\u1ea3ng B\u00ecnh<\/title>\n<meta name=\"description\" content=\"Ng\u00e0y 18\/07\/2018, Hyundai Qu\u1ea3ng B\u00ecnh ch\u00ednh th\u1ee9c \u0111\u01b0\u1ee3c khai tr\u01b0\u01a1ng v\u00e0 \u0111i v\u00e0o ho\u1ea1t \u0111\u1ed9ng, \u0111\u00e1nh d\u1ea5u th\u00eam m\u1ed9t \u0110\u1ea1i l\u00fd \u1ee6y quy\u1ec1n tr\u00ean b\u1ea3n \u0111\u1ed3 Hyundai Th\u00e0nh C\u00f4ng t\u1ea1i Vi\u1ec7t Nam.\" \/>\n<meta name=\"robots\" content=\"noindex, follow, max-snippet:-1, max-image-preview:large, max-video-preview:-1\" \/>\n<meta property=\"og:locale\" content=\"vi_VN\" \/>\n<meta property=\"og:type\" content=\"article\" \/>\n<meta property=\"og:title\" content=\"Gi\u1edbi thi\u1ec7u - \u0110\u1ea1i L\u00fd Hyundai Qu\u1ea3ng B\u00ecnh\" \/>\n<meta property=\"og:description\" content=\"Ng\u00e0y 18\/07\/2018, Hyundai Qu\u1ea3ng B\u00ecnh ch\u00ednh th\u1ee9c \u0111\u01b0\u1ee3c khai tr\u01b0\u01a1ng v\u00e0 \u0111i v\u00e0o ho\u1ea1t \u0111\u1ed9ng, \u0111\u00e1nh d\u1ea5u th\u00eam m\u1ed9t \u0110\u1ea1i l\u00fd \u1ee6y quy\u1ec1n tr\u00ean b\u1ea3n \u0111\u1ed3 Hyundai Th\u00e0nh C\u00f4ng t\u1ea1i Vi\u1ec7t Nam.\" \/>\n<meta property=\"og:url\" content=\"https:\/\/khowordpress.com\/huyndai3\/gioi-thieu-dai-ly-hyundai-quang-binh\/\" \/>\n<meta property=\"og:site_name\" content=\"\u0110\u1ea1i l\u00fd Hyundai\" \/>\n<meta property=\"article:publisher\" content=\"https:\/\/www.facebook.com\/sonqb.team\" \/>\n<meta property=\"article:modified_time\" content=\"2020-04-07T15:52:48+00:00\" \/>\n<meta property=\"og:image\" content=\"http:\/\/hyundai3.maugiaodien.com\/wp-content\/uploads\/2020\/04\/gioi-thieu-189.jpg\" \/>\n<meta name=\"twitter:card\" content=\"summary_large_image\" \/>\n<meta name=\"twitter:site\" content=\"@sonqb_vn\" \/>\n<meta name=\"twitter:label1\" content=\"\u01af\u1edbc t\u00ednh th\u1eddi gian \u0111\u1ecdc\" \/>\n\t<meta name=\"twitter:data1\" content=\"4 ph\u00fat\" \/>\n<script type=\"application\/ld+json\" class=\"yoast-schema-graph\">{\"@context\":\"https:\/\/schema.org\",\"@graph\":[{\"@type\":\"WebPage\",\"@id\":\"https:\/\/khowordpress.com\/huyndai3\/gioi-thieu-dai-ly-hyundai-quang-binh\/\",\"url\":\"https:\/\/khowordpress.com\/huyndai3\/gioi-thieu-dai-ly-hyundai-quang-binh\/\",\"name\":\"Gi\u1edbi thi\u1ec7u - \u0110\u1ea1i L\u00fd Hyundai Qu\u1ea3ng B\u00ecnh\",\"isPartOf\":{\"@id\":\"https:\/\/khowordpress.com\/huyndai3\/#website\"},\"primaryImageOfPage\":{\"@id\":\"https:\/\/khowordpress.com\/huyndai3\/gioi-thieu-dai-ly-hyundai-quang-binh\/#primaryimage\"},\"image\":{\"@id\":\"https:\/\/khowordpress.com\/huyndai3\/gioi-thieu-dai-ly-hyundai-quang-binh\/#primaryimage\"},\"thumbnailUrl\":\"http:\/\/hyundai3.maugiaodien.com\/wp-content\/uploads\/2020\/04\/gioi-thieu-189.jpg\",\"datePublished\":\"2017-08-26T04:45:18+00:00\",\"dateModified\":\"2020-04-07T15:52:48+00:00\",\"description\":\"Ng\u00e0y 18\/07\/2018, Hyundai Qu\u1ea3ng B\u00ecnh ch\u00ednh th\u1ee9c \u0111\u01b0\u1ee3c khai tr\u01b0\u01a1ng v\u00e0 \u0111i v\u00e0o ho\u1ea1t \u0111\u1ed9ng, \u0111\u00e1nh d\u1ea5u th\u00eam m\u1ed9t \u0110\u1ea1i l\u00fd \u1ee6y quy\u1ec1n tr\u00ean b\u1ea3n \u0111\u1ed3 Hyundai Th\u00e0nh C\u00f4ng t\u1ea1i Vi\u1ec7t Nam.\",\"breadcrumb\":{\"@id\":\"https:\/\/khowordpress.com\/huyndai3\/gioi-thieu-dai-ly-hyundai-quang-binh\/#breadcrumb\"},\"inLanguage\":\"vi\",\"potentialAction\":[{\"@type\":\"ReadAction\",\"target\":[\"https:\/\/khowordpress.com\/huyndai3\/gioi-thieu-dai-ly-hyundai-quang-binh\/\"]}]},{\"@type\":\"ImageObject\",\"inLanguage\":\"vi\",\"@id\":\"https:\/\/khowordpress.com\/huyndai3\/gioi-thieu-dai-ly-hyundai-quang-binh\/#primaryimage\",\"url\":\"http:\/\/hyundai3.maugiaodien.com\/wp-content\/uploads\/2020\/04\/gioi-thieu-189.jpg\",\"contentUrl\":\"http:\/\/hyundai3.maugiaodien.com\/wp-content\/uploads\/2020\/04\/gioi-thieu-189.jpg\"},{\"@type\":\"BreadcrumbList\",\"@id\":\"https:\/\/khowordpress.com\/huyndai3\/gioi-thieu-dai-ly-hyundai-quang-binh\/#breadcrumb\",\"itemListElement\":[{\"@type\":\"ListItem\",\"position\":1,\"name\":\"Home\",\"item\":\"https:\/\/khowordpress.com\/huyndai3\/\"},{\"@type\":\"ListItem\",\"position\":2,\"name\":\"Gi\u1edbi thi\u1ec7u\"}]},{\"@type\":\"WebSite\",\"@id\":\"https:\/\/khowordpress.com\/huyndai3\/#website\",\"url\":\"https:\/\/khowordpress.com\/huyndai3\/\",\"name\":\"\u0110\u1ea1i l\u00fd Hyundai\",\"description\":\"\",\"publisher\":{\"@id\":\"https:\/\/khowordpress.com\/huyndai3\/#organization\"},\"potentialAction\":[{\"@type\":\"SearchAction\",\"target\":{\"@type\":\"EntryPoint\",\"urlTemplate\":\"https:\/\/khowordpress.com\/huyndai3\/?s={search_term_string}\"},\"query-input\":{\"@type\":\"PropertyValueSpecification\",\"valueRequired\":true,\"valueName\":\"search_term_string\"}}],\"inLanguage\":\"vi\"},{\"@type\":\"Organization\",\"@id\":\"https:\/\/khowordpress.com\/huyndai3\/#organization\",\"name\":\"\u0110\u1ea1i l\u00fd Hyundai t\u1ea1i Qu\u1ea3ng B\u00ecnh\",\"url\":\"https:\/\/khowordpress.com\/huyndai3\/\",\"logo\":{\"@type\":\"ImageObject\",\"inLanguage\":\"vi\",\"@id\":\"https:\/\/khowordpress.com\/huyndai3\/#\/schema\/logo\/image\/\",\"url\":\"http:\/\/hyundai3.maugiaodien.com\/wp-content\/uploads\/2018\/03\/hyunhdai-quangbinh-logo-ok.png\",\"contentUrl\":\"http:\/\/hyundai3.maugiaodien.com\/wp-content\/uploads\/2018\/03\/hyunhdai-quangbinh-logo-ok.png\",\"width\":350,\"height\":100,\"caption\":\"\u0110\u1ea1i l\u00fd Hyundai t\u1ea1i Qu\u1ea3ng B\u00ecnh\"},\"image\":{\"@id\":\"https:\/\/khowordpress.com\/huyndai3\/#\/schema\/logo\/image\/\"},\"sameAs\":[\"https:\/\/www.facebook.com\/sonqb.team\",\"https:\/\/x.com\/sonqb_vn\"]}]}<\/script>\n<!-- \/ Yoast SEO plugin. -->","yoast_head_json":{"title":"Gi\u1edbi thi\u1ec7u - \u0110\u1ea1i L\u00fd Hyundai Qu\u1ea3ng B\u00ecnh","description":"Ng\u00e0y 18\/07\/2018, Hyundai Qu\u1ea3ng B\u00ecnh ch\u00ednh th\u1ee9c \u0111\u01b0\u1ee3c khai tr\u01b0\u01a1ng v\u00e0 \u0111i v\u00e0o ho\u1ea1t \u0111\u1ed9ng, \u0111\u00e1nh d\u1ea5u th\u00eam m\u1ed9t \u0110\u1ea1i l\u00fd \u1ee6y quy\u1ec1n tr\u00ean b\u1ea3n \u0111\u1ed3 Hyundai Th\u00e0nh C\u00f4ng t\u1ea1i Vi\u1ec7t Nam.","robots":{"index":"noindex","follow":"follow","max-snippet":"max-snippet:-1","max-image-preview":"max-image-preview:large","max-video-preview":"max-video-preview:-1"},"og_locale":"vi_VN","og_type":"article","og_title":"Gi\u1edbi thi\u1ec7u - \u0110\u1ea1i L\u00fd Hyundai Qu\u1ea3ng B\u00ecnh","og_description":"Ng\u00e0y 18\/07\/2018, Hyundai Qu\u1ea3ng B\u00ecnh ch\u00ednh th\u1ee9c \u0111\u01b0\u1ee3c khai tr\u01b0\u01a1ng v\u00e0 \u0111i v\u00e0o ho\u1ea1t \u0111\u1ed9ng, \u0111\u00e1nh d\u1ea5u th\u00eam m\u1ed9t \u0110\u1ea1i l\u00fd \u1ee6y quy\u1ec1n tr\u00ean b\u1ea3n \u0111\u1ed3 Hyundai Th\u00e0nh C\u00f4ng t\u1ea1i Vi\u1ec7t Nam.","og_url":"https:\/\/khowordpress.com\/huyndai3\/gioi-thieu-dai-ly-hyundai-quang-binh\/","og_site_name":"\u0110\u1ea1i l\u00fd Hyundai","article_publisher":"https:\/\/www.facebook.com\/sonqb.team","article_modified_time":"2020-04-07T15:52:48+00:00","og_image":[{"url":"http:\/\/hyundai3.maugiaodien.com\/wp-content\/uploads\/2020\/04\/gioi-thieu-189.jpg","type":"","width":"","height":""}],"twitter_card":"summary_large_image","twitter_site":"@sonqb_vn","twitter_misc":{"\u01af\u1edbc t\u00ednh th\u1eddi gian \u0111\u1ecdc":"4 ph\u00fat"},"schema":{"@context":"https:\/\/schema.org","@graph":[{"@type":"WebPage","@id":"https:\/\/khowordpress.com\/huyndai3\/gioi-thieu-dai-ly-hyundai-quang-binh\/","url":"https:\/\/khowordpress.com\/huyndai3\/gioi-thieu-dai-ly-hyundai-quang-binh\/","name":"Gi\u1edbi thi\u1ec7u - \u0110\u1ea1i L\u00fd Hyundai Qu\u1ea3ng B\u00ecnh","isPartOf":{"@id":"https:\/\/khowordpress.com\/huyndai3\/#website"},"primaryImageOfPage":{"@id":"https:\/\/khowordpress.com\/huyndai3\/gioi-thieu-dai-ly-hyundai-quang-binh\/#primaryimage"},"image":{"@id":"https:\/\/khowordpress.com\/huyndai3\/gioi-thieu-dai-ly-hyundai-quang-binh\/#primaryimage"},"thumbnailUrl":"http:\/\/hyundai3.maugiaodien.com\/wp-content\/uploads\/2020\/04\/gioi-thieu-189.jpg","datePublished":"2017-08-26T04:45:18+00:00","dateModified":"2020-04-07T15:52:48+00:00","description":"Ng\u00e0y 18\/07\/2018, Hyundai Qu\u1ea3ng B\u00ecnh ch\u00ednh th\u1ee9c \u0111\u01b0\u1ee3c khai tr\u01b0\u01a1ng v\u00e0 \u0111i v\u00e0o ho\u1ea1t \u0111\u1ed9ng, \u0111\u00e1nh d\u1ea5u th\u00eam m\u1ed9t \u0110\u1ea1i l\u00fd \u1ee6y quy\u1ec1n tr\u00ean b\u1ea3n \u0111\u1ed3 Hyundai Th\u00e0nh C\u00f4ng t\u1ea1i Vi\u1ec7t Nam.","breadcrumb":{"@id":"https:\/\/khowordpress.com\/huyndai3\/gioi-thieu-dai-ly-hyundai-quang-binh\/#breadcrumb"},"inLanguage":"vi","potentialAction":[{"@type":"ReadAction","target":["https:\/\/khowordpress.com\/huyndai3\/gioi-thieu-dai-ly-hyundai-quang-binh\/"]}]},{"@type":"ImageObject","inLanguage":"vi","@id":"https:\/\/khowordpress.com\/huyndai3\/gioi-thieu-dai-ly-hyundai-quang-binh\/#primaryimage","url":"http:\/\/hyundai3.maugiaodien.com\/wp-content\/uploads\/2020\/04\/gioi-thieu-189.jpg","contentUrl":"http:\/\/hyundai3.maugiaodien.com\/wp-content\/uploads\/2020\/04\/gioi-thieu-189.jpg"},{"@type":"BreadcrumbList","@id":"https:\/\/khowordpress.com\/huyndai3\/gioi-thieu-dai-ly-hyundai-quang-binh\/#breadcrumb","itemListElement":[{"@type":"ListItem","position":1,"name":"Home","item":"https:\/\/khowordpress.com\/huyndai3\/"},{"@type":"ListItem","position":2,"name":"Gi\u1edbi thi\u1ec7u"}]},{"@type":"WebSite","@id":"https:\/\/khowordpress.com\/huyndai3\/#website","url":"https:\/\/khowordpress.com\/huyndai3\/","name":"\u0110\u1ea1i l\u00fd Hyundai","description":"","publisher":{"@id":"https:\/\/khowordpress.com\/huyndai3\/#organization"},"potentialAction":[{"@type":"SearchAction","target":{"@type":"EntryPoint","urlTemplate":"https:\/\/khowordpress.com\/huyndai3\/?s={search_term_string}"},"query-input":{"@type":"PropertyValueSpecification","valueRequired":true,"valueName":"search_term_string"}}],"inLanguage":"vi"},{"@type":"Organization","@id":"https:\/\/khowordpress.com\/huyndai3\/#organization","name":"\u0110\u1ea1i l\u00fd Hyundai t\u1ea1i Qu\u1ea3ng B\u00ecnh","url":"https:\/\/khowordpress.com\/huyndai3\/","logo":{"@type":"ImageObject","inLanguage":"vi","@id":"https:\/\/khowordpress.com\/huyndai3\/#\/schema\/logo\/image\/","url":"http:\/\/hyundai3.maugiaodien.com\/wp-content\/uploads\/2018\/03\/hyunhdai-quangbinh-logo-ok.png","contentUrl":"http:\/\/hyundai3.maugiaodien.com\/wp-content\/uploads\/2018\/03\/hyunhdai-quangbinh-logo-ok.png","width":350,"height":100,"caption":"\u0110\u1ea1i l\u00fd Hyundai t\u1ea1i Qu\u1ea3ng B\u00ecnh"},"image":{"@id":"https:\/\/khowordpress.com\/huyndai3\/#\/schema\/logo\/image\/"},"sameAs":["https:\/\/www.facebook.com\/sonqb.team","https:\/\/x.com\/sonqb_vn"]}]}},"_links":{"self":[{"href":"https:\/\/khowordpress.com\/huyndai3\/wp-json\/wp\/v2\/pages\/189","targetHints":{"allow":["GET"]}}],"collection":[{"href":"https:\/\/khowordpress.com\/huyndai3\/wp-json\/wp\/v2\/pages"}],"about":[{"href":"https:\/\/khowordpress.com\/huyndai3\/wp-json\/wp\/v2\/types\/page"}],"author":[{"embeddable":true,"href":"https:\/\/khowordpress.com\/huyndai3\/wp-json\/wp\/v2\/users\/1"}],"replies":[{"embeddable":true,"href":"https:\/\/khowordpress.com\/huyndai3\/wp-json\/wp\/v2\/comments?post=189"}],"version-history":[{"count":6,"href":"https:\/\/khowordpress.com\/huyndai3\/wp-json\/wp\/v2\/pages\/189\/revisions"}],"predecessor-version":[{"id":3276,"href":"https:\/\/khowordpress.com\/huyndai3\/wp-json\/wp\/v2\/pages\/189\/revisions\/3276"}],"wp:attachment":[{"href":"https:\/\/khowordpress.com\/huyndai3\/wp-json\/wp\/v2\/media?parent=189"}],"curies":[{"name":"wp","href":"https:\/\/api.w.org\/{rel}","templated":true}]}}