{"id":1899,"date":"2018-03-21T23:40:53","date_gmt":"2018-03-21T16:40:53","guid":{"rendered":"http:\/\/hyundai3.maugiaodien.com\/?page_id=1899"},"modified":"2020-07-07T16:39:41","modified_gmt":"2020-07-07T09:39:41","slug":"mua-xe-hyundai-tra-gop","status":"publish","type":"page","link":"https:\/\/khowordpress.com\/huyndai3\/mua-xe-hyundai-tra-gop\/","title":{"rendered":"Mua xe Hyundai tr\u1ea3 g\u00f3p"},"content":{"rendered":"<h1 style=\"text-align: center;\"><span style=\"color: #000080;\">MUA XE HYUNDAI TR\u1ea2 G\u00d3P<\/span><\/h1>\n<p><img loading=\"lazy\" decoding=\"async\" class=\"aligncenter size-full wp-image-3234\" src=\"http:\/\/hyundai3.maugiaodien.com\/wp-content\/uploads\/2020\/04\/after-global-title.png\" alt=\"After Global Title\" width=\"448\" height=\"8\" \/><\/p>\n<p>Qu\u00fd kh\u00e1ch h\u00e0ng c\u00f3 nhu c\u1ea7u mua \u00f4 t\u00f4 tr\u1ea3 g\u00f3p t\u1ea1i Qu\u1ea3ng B\u00ecnh, h\u00e3y li\u00ean h\u1ec7 v\u1edbi Hyundai Qu\u1ea3ng B\u00ecnh \u0111\u1ec3 \u0111\u01b0\u1ee3c t\u01b0 v\u1ea5n mua xe \u00f4 t\u00f4 hyundai tr\u1ea3 g\u00f3p \u1edf Qu\u1ea3ng B\u00ecnh.<\/p>\n<h3>T\u1ea1i sao n\u00ean mua \u00f4 t\u00f4 tr\u1ea3 g\u00f3p?<\/h3>\n<p>H\u00ecnh th\u1ee9c mua xe \u00f4 t\u00f4 tr\u1ea3 g\u00f3p \u0111ang \u0111\u01b0\u1ee3c r\u1ea5t nhi\u1ec1u ng\u01b0\u1eddi \u01b0a chu\u1ed9ng, b\u1edfi v\u00ec ch\u1ec9 c\u1ea7n b\u1ecf ra s\u1ed1 ti\u1ec1n \u00edt h\u01a1n gi\u00e1 tr\u1ecb xe m\u00e0 v\u1eabn c\u00f3 th\u1ec3 s\u1edf h\u1eefu \u0111\u01b0\u1ee3c xe m\u00e0 m\u00ecnh t\u1eebng ao \u01b0\u1edbc. B\u1ea1n c\u00f3 th\u1ec3 mua xe \u0111\u1ec3 ph\u1ee5c v\u1ee5 n\u00e2ng cao \u0111\u1eddi s\u1ed1ng gia \u0111\u00ecnh ho\u1eb7c B\u1ea1n mua xe \u0111\u1ec3 kinh doanh nh\u01b0 cho thu\u00ea, ch\u1ea1y taxi, Grab, Go Vi\u1ec7t,&#8230;<\/p>\n<p>N\u1eafm b\u1eaft \u0111\u01b0\u1ee3c nhu c\u1ea7u \u0111\u00f3 n\u00ean r\u1ea5t nhi\u1ec1u ng\u00e2n h\u00e0ng \u0111\u00e3 ra nhi\u1ec1u g\u00f3i \u01b0u \u0111\u00e3i h\u1ea5p d\u1eabn v\u00e0 d\u1ec5 d\u00e0ng. Ch\u1ec9 c\u1ea7n B\u1ea1n c\u00f3 nhu c\u1ea7u vay, ng\u00e2n h\u00e0ng cho vay v\u1edbi th\u1eddi h\u1ea1n t\u1ed1i \u0111a 96 th\u00e1ng, h\u1ea1n m\u1ee9c vay giao \u0111\u1ed9ng 70% -&gt; 90% gi\u00e1 tr\u1ecb xe. Th\u1ee7 t\u1ee5c cho vay c\u0169ng\u00a0<strong>\u201csi\u00eau nhanh\u201d<\/strong>\u00a0nh\u01b0\u00a0<strong>x\u00e9t duy\u1ec7t h\u1ed3 s\u01a1 ch\u1ec9 trong v\u00f2ng 4 gi\u1edd<\/strong>\u00a0k\u1ec3 t\u1eeb khi B\u1ea1n cung c\u1ea5p \u0111\u1ea7y \u0111\u1ee7 h\u1ed3 s\u01a1 v\u00e0 ti\u1ebfn h\u00e0nh\u00a0<strong>gi\u1ea3i ng\u00e2n trong v\u00f2ng 2 gi\u1edd<\/strong>\u00a0sau khi B\u1ea1n c\u00f3 gi\u1ea5y h\u1eb9n l\u1ea5y \u0111\u0103ng k\u00fd xe.<\/p>\n<figure style=\"width: 900px\" class=\"wp-caption aligncenter\"><img loading=\"lazy\" decoding=\"async\" src=\"http:\/\/hyundai3.maugiaodien.com\/wp-content\/uploads\/2020\/04\/mua-xe-hyundai-tra-gop-1899.jpg\" alt=\"Mua xe \u00f4 t\u00f4 tr\u1ea3 g\u00f3p l\u00e3i su\u1ea5t h\u1ea5p d\u1eabn\" width=\"900\" height=\"470\" \/><figcaption class=\"wp-caption-text\">Mua xe \u00f4 t\u00f4 tr\u1ea3 g\u00f3p l\u00e3i su\u1ea5t h\u1ea5p d\u1eabn<\/figcaption><\/figure>\n<h3 id=\"ho_so_vay\" class=\"head-bg green\">H\u1ed3 s\u01a1 vay d\u00e0nh cho c\u00e1 nh\u00e2n ho\u1eb7c c\u00f4ng ty<\/h3>\n<p><strong>1. \u0110i\u1ec1u ki\u1ec7n v\u00e0 h\u1ed3 s\u01a1 \u0111\u1ed1i v\u1edbi kh\u00e1ch h\u00e0ng c\u00e1 nh\u00e2n<\/strong><\/p>\n<p>V\u1edbi tr\u01b0\u1eddng h\u1ee3p c\u00e1 nh\u00e2n vay mua \u00f4 t\u00f4 tr\u1ea3 g\u00f3p th\u00ec B\u1ea1n c\u1ea7n cung c\u1ea5p c\u00e1c h\u1ed3 s\u01a1 v\u1ec1 th\u00e2n nh\u00e2n, h\u1ed3 s\u01a1 ch\u1ee9ng minh thu nh\u1eadp v\u00e0 h\u1ee3p \u0111\u1ed3ng mua b\u00e1n xe \u00f4 t\u00f4 v\u1edbi \u0111\u1ea1i l\u00fd, chi ti\u1ebft c\u1ee5 th\u1ec3 bao g\u1ed3m:<\/p>\n<p><strong>H\u1ed3 s\u01a1 th\u00e2n nh\u00e2n:<\/strong><\/p>\n<ul>\n<li>S\u1ed5 h\u1ed9 kh\u1ea9u v\u00e0 CMND\/C\u0103n c\u01b0\u1edbc c\u00f4ng d\u00e2n\/H\u1ed9 Chi\u1ebfu<\/li>\n<li>N\u1ebfu k\u1ebft h\u00f4n th\u00ec cung c\u1ea5p gi\u1ea5y \u0111\u0103ng k\u00fd k\u1ebft h\u00f4n v\u00e0 CMND c\u1ee7a v\u1ee3 ho\u1eb7c ch\u1ed3ng<\/li>\n<li>N\u1ebfu \u0111\u1ed9c th\u00e2n ho\u1eb7c ly h\u00f4n th\u00ec cung c\u1ea5p gi\u1ea5y \u0111\u1ed9c th\u00e2n c\u1ee7a Ph\u01b0\u1eddng\/X\u00e3 n\u01a1i c\u01b0 tr\u00fa<\/li>\n<\/ul>\n<p><strong>H\u1ed3 s\u01a1 ch\u1ee9ng minh thu nh\u1eadp:<\/strong><\/p>\n<ul>\n<li>H\u1ee3p \u0111\u1ed3ng lao \u0111\u1ed9ng c\u00f3 th\u1eddi h\u1ea1n t\u1ed1i thi\u1ec3u 1 n\u0103m<\/li>\n<li>Sao k\u00ea b\u1ea3ng l\u01b0\u01a1ng 3 th\u00e1ng g\u1ea7n nh\u1ea5t qua ng\u00e2n h\u00e0ng. N\u1ebfu c\u00f4ng ty tr\u1ea3 ti\u1ec1n m\u1eb7t th\u00ec cung c\u1ea5p gi\u1ea5y x\u00e1c nh\u1eadn l\u01b0\u01a1ng c\u1ee7a c\u00f4ng ty<\/li>\n<li>N\u1ebfu mu\u1ed1n vay 100% gi\u00e1 tr\u1ecb xe th\u00ec b\u1eaft bu\u1ed9c ph\u1ea3i c\u00f3 t\u00e0i s\u1ea3n th\u1ebf ch\u1ea5p nh\u01b0: nh\u00e0, s\u1ed5 ti\u1ebft ki\u1ec7m, m\u00e1y m\u00f3c, c\u1ed5 phi\u1ebfu, c\u1ed5 ph\u1ea7n,&#8230;<\/li>\n<\/ul>\n<p><em><strong>L\u01b0u \u00fd:<\/strong>\u00a0Tr\u01b0\u1eddng h\u1ee3p B\u1ea1n kh\u00f4ng \u0111i l\u00e0m c\u00f4ng \u0103n l\u01b0\u01a1ng c\u1ed1 \u0111\u1ecbnh th\u00ec c\u00f3 th\u1ec3 ch\u1ee9ng minh thu nh\u1eadp qua c\u00e1c h\u00ecnh th\u1ee9c sau:<\/em><\/p>\n<ul>\n<li>N\u1ebfu B\u1ea1n c\u00f3 C\u00f4ng ty ri\u00eang v\u00e0 thu nh\u1eadp d\u1ef1a v\u00e0o c\u00f4ng ty \u0111\u00f3 th\u00ec cung c\u1ea5p gi\u1ea5y \u0111\u0103ng k\u00fd kinh doanh v\u00e0 b\u1ea3ng b\u00e1o c\u00e1o t\u00e0i ch\u00ednh c\u00f4ng ty<\/li>\n<li>N\u1ebfu B\u1ea1n l\u00e0 h\u1ed9 kinh doanh th\u00ec cung c\u1ea5p gi\u1ea5y \u0111\u0103ng k\u00fd kinh doanh c\u00e1 th\u1ec3 v\u00e0 s\u1ed5 ghi ch\u00e9p b\u00e1n h\u00e0ng 3 th\u00e1ng g\u1ea7n nh\u1ea5t<\/li>\n<li>N\u1ebfu B\u1ea1n \u0111ang cho thu\u00ea nh\u00e0 ho\u1eb7c ph\u00f2ng tr\u1ecd th\u00ec cung c\u1ea5p h\u1ee3p \u0111\u1ed3ng cho thu\u00ea<\/li>\n<\/ul>\n<p><strong>H\u1ed3 s\u01a1 m\u1ee5c \u0111\u00edch vay v\u1ed1n:<\/strong><\/p>\n<ul>\n<li>H\u1ee3p \u0111\u1ed3ng mua b\u00e1n xe \u00f4 t\u00f4<\/li>\n<li>Phi\u1ebfu thu ti\u1ec1n c\u1ecdc xe \u00f4 t\u00f4 c\u1ee7a \u0111\u1ea1i l\u00fd<\/li>\n<\/ul>\n<p><strong>\u0110i\u1ec1u ki\u1ec7n cho vay:<\/strong><\/p>\n<ul>\n<li>Qu\u1ed1c t\u1ecbch l\u00e0 ng\u01b0\u1eddi Vi\u1ec7t Nam<\/li>\n<li>Tu\u1ed5i t\u1eeb 18 tu\u1ed5i v\u00e0 kh\u00f4ng qu\u00e1 70 tu\u1ed5i khi \u0111\u00e1o h\u1ea1n kho\u1ea3n vay<\/li>\n<li>Kh\u00f4ng c\u00f3 n\u1ee3 x\u1ea5u trong v\u00f2ng 2 n\u0103m g\u1ea7n nh\u1ea5t<\/li>\n<\/ul>\n<p><img decoding=\"async\" class=\"aligncenter\" src=\"http:\/\/hyundai3.maugiaodien.com\/wp-content\/uploads\/2020\/04\/mua-xe-hyundai-tra-gop-1899-1.jpg\" alt=\"H\u1ed3 s\u01a1 vay mua xe \u00f4 t\u00f4 tr\u1ea3 g\u00f3p\" \/><\/p>\n<p><strong>2. \u0110i\u1ec1u ki\u1ec7n v\u00e0 h\u1ed3 s\u01a1 \u0111\u1ed1i v\u1edbi kh\u00e1ch h\u00e0ng c\u00f4ng ty<\/strong><\/p>\n<p>V\u1edbi tr\u01b0\u1eddng h\u1ee3p c\u00f4ng ty vay mua \u00f4 t\u00f4 tr\u1ea3 g\u00f3p th\u00ec B\u1ea1n c\u1ea7n cung c\u1ea5p c\u00e1c h\u1ed3 s\u01a1 v\u1ec1 ph\u00e1p l\u00fd c\u00f4ng ty, h\u1ed3 s\u01a1 t\u00e0i ch\u00ednh c\u00f4ng ty v\u00e0 h\u1ee3p \u0111\u1ed3ng mua b\u00e1n xe \u00f4 t\u00f4 v\u1edbi \u0111\u1ea1i l\u00fd, chi ti\u1ebft c\u1ee5 th\u1ec3 bao g\u1ed3m:<\/p>\n<p><strong>H\u1ed3 s\u01a1 ph\u00e1p l\u00fd<\/strong><\/p>\n<ul>\n<li>Gi\u1ea5y \u0111\u0103ng k\u00fd kinh doanh<\/li>\n<li>CMND\/C\u0103n c\u01b0\u1edbc c\u00f4ng d\u00e2n\/H\u1ed9 Chi\u1ebfu c\u1ee7a Gi\u00e1m \u0111\u1ed1c<\/li>\n<\/ul>\n<p><strong>H\u1ed3 s\u01a1 t\u00e0i ch\u00ednh<\/strong><\/p>\n<ul>\n<li>B\u00e1o c\u00e1o t\u00e0i ch\u00ednh<\/li>\n<li>T\u1edd khai h\u00f3a \u0111\u01a1n VAT<\/li>\n<li>Sao k\u00ea t\u00e0i kho\u1ea3n ng\u00e2n h\u00e0ng c\u00f4ng ty<\/li>\n<\/ul>\n<p><strong>H\u1ed3 s\u01a1 m\u1ee5c \u0111\u00edch vay v\u1ed1n:<\/strong><\/p>\n<ul>\n<li>H\u1ee3p \u0111\u1ed3ng mua b\u00e1n xe \u00f4 t\u00f4<\/li>\n<li>Phi\u1ebfu thu ti\u1ec1n c\u1ecdc xe \u00f4 t\u00f4 c\u1ee7a \u0111\u1ea1i l\u00fd<\/li>\n<\/ul>\n<p><strong>\u0110i\u1ec1u ki\u1ec7n cho vay:<\/strong><\/p>\n<ul>\n<li>Doanh nghi\u1ec7p th\u00e0nh l\u1eadp \u1edf Vi\u1ec7t Nam<\/li>\n<li>Th\u1eddi gian th\u00e0nh l\u1eadp t\u1ed1i thi\u1ec3u 2 n\u0103m<\/li>\n<li>Kh\u00f4ng c\u00f3 n\u1ee3 x\u1ea5u trong v\u00f2ng 2 n\u0103m g\u1ea7n nh\u1ea5t<\/li>\n<\/ul>\n<p>N\u1ebfu B\u1ea1n kh\u00f3 ch\u1ee9ng minh thu nh\u1eadp v\u00e0 t\u00e0i s\u1ea3n, B\u1ea1n vui l\u00f2ng li\u00ean h\u1ec7 tr\u1ef1c ti\u1ebfp v\u1edbi Chuy\u00ean gia t\u01b0 v\u1ea5n \u0111\u1ec3 \u0111\u01b0\u1ee3c h\u1ed7 tr\u1ee3 v\u1ec1 m\u1eb7t h\u1ed3 s\u01a1 gi\u1ea5y t\u1edd.<\/p>\n<p><strong><em>\u0110\u1ec3 bi\u1ebft th\u00eam th\u00f4ng tin v\u00e0 \u0111\u01b0\u1ee3c t\u01b0 v\u1ea5n, gi\u1ea3i \u0111\u00e1p m\u1ecdi th\u1eafc m\u1eafc c\u1ee7a Qu\u00fd kh\u00e1ch h\u00e0ng mua xe \u00f4 t\u00f4 tr\u1ea3 g\u00f3p t\u1ea1i Qu\u1ea3ng B\u00ecnh\u00a0xin li\u00ean h\u1ec7\u00a0<\/em>:<\/strong><\/p>\n<p>\u0110\u1ecba ch\u1ec9: QL1A, P. Ph\u00fa H\u1ea3i, TP. \u0110\u1ed3ng H\u1edbi, Qu\u1ea3ng B\u00ecnh<br \/>\n<strong>Hotline b\u00e1n h\u00e0ng:\u00a0<a href=\"tel:0877222xxx\">0877.222.xxx &#8211; MR. S\u01a1n<\/a><\/strong><br \/>\nEmail: <a href=\"mailto:webdemo@gmail.com\">webdemo@gmail.com<\/a><br \/>\nWebsite: <a href=\"http:\/\/hyundai3.maugiaodien.com\">webdemo.com<\/a><\/p>\n","protected":false},"excerpt":{"rendered":"<p>MUA XE HYUNDAI TR\u1ea2 G\u00d3P Qu\u00fd kh\u00e1ch h\u00e0ng c\u00f3 nhu c\u1ea7u mua \u00f4 t\u00f4 tr\u1ea3 g\u00f3p t\u1ea1i Qu\u1ea3ng B\u00ecnh, h\u00e3y li\u00ean h\u1ec7 v\u1edbi Hyundai Qu\u1ea3ng B\u00ecnh \u0111\u1ec3 \u0111\u01b0\u1ee3c t\u01b0 v\u1ea5n mua xe \u00f4 t\u00f4 hyundai tr\u1ea3 g\u00f3p \u1edf Qu\u1ea3ng B\u00ecnh. T\u1ea1i sao n\u00ean mua \u00f4 t\u00f4 tr\u1ea3 g\u00f3p? H\u00ecnh th\u1ee9c mua xe \u00f4 t\u00f4 tr\u1ea3..<\/p>\n","protected":false},"author":1,"featured_media":0,"parent":0,"menu_order":0,"comment_status":"open","ping_status":"closed","template":"page-right-sidebar.php","meta":{"footnotes":""},"class_list":["post-1899","page","type-page","status-publish","hentry"],"yoast_head":"<!-- This site is optimized with the Yoast SEO plugin v26.8 - https:\/\/yoast.com\/product\/yoast-seo-wordpress\/ -->\n<title>Mua xe Hyundai tr\u1ea3 g\u00f3p - \u0110\u1ea1i L\u00fd Hyundai Qu\u1ea3ng B\u00ecnh<\/title>\n<meta name=\"description\" content=\"Qu\u00fd kh\u00e1ch h\u00e0ng c\u00f3 nhu c\u1ea7u mua \u00f4 t\u00f4 tr\u1ea3 g\u00f3p t\u1ea1i Qu\u1ea3ng B\u00ecnh, h\u00e3y li\u00ean h\u1ec7 v\u1edbi Hyundai Qu\u1ea3ng B\u00ecnh \u0111\u1ec3 \u0111\u01b0\u1ee3c t\u01b0 v\u1ea5n mua xe \u00f4 t\u00f4 hyundai tr\u1ea3 g\u00f3p \u1edf Qu\u1ea3ng B\u00ecnh.\" \/>\n<meta name=\"robots\" content=\"noindex, follow, max-snippet:-1, max-image-preview:large, max-video-preview:-1\" \/>\n<meta property=\"og:locale\" content=\"vi_VN\" \/>\n<meta property=\"og:type\" content=\"article\" \/>\n<meta property=\"og:title\" content=\"Mua xe Hyundai tr\u1ea3 g\u00f3p - \u0110\u1ea1i L\u00fd Hyundai Qu\u1ea3ng B\u00ecnh\" \/>\n<meta property=\"og:description\" content=\"Qu\u00fd kh\u00e1ch h\u00e0ng c\u00f3 nhu c\u1ea7u mua \u00f4 t\u00f4 tr\u1ea3 g\u00f3p t\u1ea1i Qu\u1ea3ng B\u00ecnh, h\u00e3y li\u00ean h\u1ec7 v\u1edbi Hyundai Qu\u1ea3ng B\u00ecnh \u0111\u1ec3 \u0111\u01b0\u1ee3c t\u01b0 v\u1ea5n mua xe \u00f4 t\u00f4 hyundai tr\u1ea3 g\u00f3p \u1edf Qu\u1ea3ng B\u00ecnh.\" \/>\n<meta property=\"og:url\" content=\"https:\/\/khowordpress.com\/huyndai3\/mua-xe-hyundai-tra-gop\/\" \/>\n<meta property=\"og:site_name\" content=\"\u0110\u1ea1i l\u00fd Hyundai\" \/>\n<meta property=\"article:publisher\" content=\"https:\/\/www.facebook.com\/sonqb.team\" \/>\n<meta property=\"article:modified_time\" content=\"2020-07-07T09:39:41+00:00\" \/>\n<meta property=\"og:image\" content=\"https:\/\/khowordpress.com\/huyndai3\/wp-content\/uploads\/2020\/04\/after-global-title.png\" \/>\n\t<meta property=\"og:image:width\" content=\"448\" \/>\n\t<meta property=\"og:image:height\" content=\"8\" \/>\n\t<meta property=\"og:image:type\" content=\"image\/png\" \/>\n<meta name=\"twitter:card\" content=\"summary_large_image\" \/>\n<meta name=\"twitter:site\" content=\"@sonqb_vn\" \/>\n<meta name=\"twitter:label1\" content=\"\u01af\u1edbc t\u00ednh th\u1eddi gian \u0111\u1ecdc\" \/>\n\t<meta name=\"twitter:data1\" content=\"6 ph\u00fat\" \/>\n<script type=\"application\/ld+json\" class=\"yoast-schema-graph\">{\"@context\":\"https:\/\/schema.org\",\"@graph\":[{\"@type\":\"WebPage\",\"@id\":\"https:\/\/khowordpress.com\/huyndai3\/mua-xe-hyundai-tra-gop\/\",\"url\":\"https:\/\/khowordpress.com\/huyndai3\/mua-xe-hyundai-tra-gop\/\",\"name\":\"Mua xe Hyundai tr\u1ea3 g\u00f3p - \u0110\u1ea1i L\u00fd Hyundai Qu\u1ea3ng B\u00ecnh\",\"isPartOf\":{\"@id\":\"https:\/\/khowordpress.com\/huyndai3\/#website\"},\"primaryImageOfPage\":{\"@id\":\"https:\/\/khowordpress.com\/huyndai3\/mua-xe-hyundai-tra-gop\/#primaryimage\"},\"image\":{\"@id\":\"https:\/\/khowordpress.com\/huyndai3\/mua-xe-hyundai-tra-gop\/#primaryimage\"},\"thumbnailUrl\":\"http:\/\/hyundai3.maugiaodien.com\/wp-content\/uploads\/2020\/04\/after-global-title.png\",\"datePublished\":\"2018-03-21T16:40:53+00:00\",\"dateModified\":\"2020-07-07T09:39:41+00:00\",\"description\":\"Qu\u00fd kh\u00e1ch h\u00e0ng c\u00f3 nhu c\u1ea7u mua \u00f4 t\u00f4 tr\u1ea3 g\u00f3p t\u1ea1i Qu\u1ea3ng B\u00ecnh, h\u00e3y li\u00ean h\u1ec7 v\u1edbi Hyundai Qu\u1ea3ng B\u00ecnh \u0111\u1ec3 \u0111\u01b0\u1ee3c t\u01b0 v\u1ea5n mua xe \u00f4 t\u00f4 hyundai tr\u1ea3 g\u00f3p \u1edf Qu\u1ea3ng B\u00ecnh.\",\"breadcrumb\":{\"@id\":\"https:\/\/khowordpress.com\/huyndai3\/mua-xe-hyundai-tra-gop\/#breadcrumb\"},\"inLanguage\":\"vi\",\"potentialAction\":[{\"@type\":\"ReadAction\",\"target\":[\"https:\/\/khowordpress.com\/huyndai3\/mua-xe-hyundai-tra-gop\/\"]}]},{\"@type\":\"ImageObject\",\"inLanguage\":\"vi\",\"@id\":\"https:\/\/khowordpress.com\/huyndai3\/mua-xe-hyundai-tra-gop\/#primaryimage\",\"url\":\"http:\/\/hyundai3.maugiaodien.com\/wp-content\/uploads\/2020\/04\/after-global-title.png\",\"contentUrl\":\"http:\/\/hyundai3.maugiaodien.com\/wp-content\/uploads\/2020\/04\/after-global-title.png\"},{\"@type\":\"BreadcrumbList\",\"@id\":\"https:\/\/khowordpress.com\/huyndai3\/mua-xe-hyundai-tra-gop\/#breadcrumb\",\"itemListElement\":[{\"@type\":\"ListItem\",\"position\":1,\"name\":\"Home\",\"item\":\"https:\/\/khowordpress.com\/huyndai3\/\"},{\"@type\":\"ListItem\",\"position\":2,\"name\":\"Mua xe Hyundai tr\u1ea3 g\u00f3p\"}]},{\"@type\":\"WebSite\",\"@id\":\"https:\/\/khowordpress.com\/huyndai3\/#website\",\"url\":\"https:\/\/khowordpress.com\/huyndai3\/\",\"name\":\"\u0110\u1ea1i l\u00fd Hyundai\",\"description\":\"\",\"publisher\":{\"@id\":\"https:\/\/khowordpress.com\/huyndai3\/#organization\"},\"potentialAction\":[{\"@type\":\"SearchAction\",\"target\":{\"@type\":\"EntryPoint\",\"urlTemplate\":\"https:\/\/khowordpress.com\/huyndai3\/?s={search_term_string}\"},\"query-input\":{\"@type\":\"PropertyValueSpecification\",\"valueRequired\":true,\"valueName\":\"search_term_string\"}}],\"inLanguage\":\"vi\"},{\"@type\":\"Organization\",\"@id\":\"https:\/\/khowordpress.com\/huyndai3\/#organization\",\"name\":\"\u0110\u1ea1i l\u00fd Hyundai t\u1ea1i Qu\u1ea3ng B\u00ecnh\",\"url\":\"https:\/\/khowordpress.com\/huyndai3\/\",\"logo\":{\"@type\":\"ImageObject\",\"inLanguage\":\"vi\",\"@id\":\"https:\/\/khowordpress.com\/huyndai3\/#\/schema\/logo\/image\/\",\"url\":\"http:\/\/hyundai3.maugiaodien.com\/wp-content\/uploads\/2018\/03\/hyunhdai-quangbinh-logo-ok.png\",\"contentUrl\":\"http:\/\/hyundai3.maugiaodien.com\/wp-content\/uploads\/2018\/03\/hyunhdai-quangbinh-logo-ok.png\",\"width\":350,\"height\":100,\"caption\":\"\u0110\u1ea1i l\u00fd Hyundai t\u1ea1i Qu\u1ea3ng B\u00ecnh\"},\"image\":{\"@id\":\"https:\/\/khowordpress.com\/huyndai3\/#\/schema\/logo\/image\/\"},\"sameAs\":[\"https:\/\/www.facebook.com\/sonqb.team\",\"https:\/\/x.com\/sonqb_vn\"]}]}<\/script>\n<!-- \/ Yoast SEO plugin. -->","yoast_head_json":{"title":"Mua xe Hyundai tr\u1ea3 g\u00f3p - \u0110\u1ea1i L\u00fd Hyundai Qu\u1ea3ng B\u00ecnh","description":"Qu\u00fd kh\u00e1ch h\u00e0ng c\u00f3 nhu c\u1ea7u mua \u00f4 t\u00f4 tr\u1ea3 g\u00f3p t\u1ea1i Qu\u1ea3ng B\u00ecnh, h\u00e3y li\u00ean h\u1ec7 v\u1edbi Hyundai Qu\u1ea3ng B\u00ecnh \u0111\u1ec3 \u0111\u01b0\u1ee3c t\u01b0 v\u1ea5n mua xe \u00f4 t\u00f4 hyundai tr\u1ea3 g\u00f3p \u1edf Qu\u1ea3ng B\u00ecnh.","robots":{"index":"noindex","follow":"follow","max-snippet":"max-snippet:-1","max-image-preview":"max-image-preview:large","max-video-preview":"max-video-preview:-1"},"og_locale":"vi_VN","og_type":"article","og_title":"Mua xe Hyundai tr\u1ea3 g\u00f3p - \u0110\u1ea1i L\u00fd Hyundai Qu\u1ea3ng B\u00ecnh","og_description":"Qu\u00fd kh\u00e1ch h\u00e0ng c\u00f3 nhu c\u1ea7u mua \u00f4 t\u00f4 tr\u1ea3 g\u00f3p t\u1ea1i Qu\u1ea3ng B\u00ecnh, h\u00e3y li\u00ean h\u1ec7 v\u1edbi Hyundai Qu\u1ea3ng B\u00ecnh \u0111\u1ec3 \u0111\u01b0\u1ee3c t\u01b0 v\u1ea5n mua xe \u00f4 t\u00f4 hyundai tr\u1ea3 g\u00f3p \u1edf Qu\u1ea3ng B\u00ecnh.","og_url":"https:\/\/khowordpress.com\/huyndai3\/mua-xe-hyundai-tra-gop\/","og_site_name":"\u0110\u1ea1i l\u00fd Hyundai","article_publisher":"https:\/\/www.facebook.com\/sonqb.team","article_modified_time":"2020-07-07T09:39:41+00:00","og_image":[{"width":448,"height":8,"url":"https:\/\/khowordpress.com\/huyndai3\/wp-content\/uploads\/2020\/04\/after-global-title.png","type":"image\/png"}],"twitter_card":"summary_large_image","twitter_site":"@sonqb_vn","twitter_misc":{"\u01af\u1edbc t\u00ednh th\u1eddi gian \u0111\u1ecdc":"6 ph\u00fat"},"schema":{"@context":"https:\/\/schema.org","@graph":[{"@type":"WebPage","@id":"https:\/\/khowordpress.com\/huyndai3\/mua-xe-hyundai-tra-gop\/","url":"https:\/\/khowordpress.com\/huyndai3\/mua-xe-hyundai-tra-gop\/","name":"Mua xe Hyundai tr\u1ea3 g\u00f3p - \u0110\u1ea1i L\u00fd Hyundai Qu\u1ea3ng B\u00ecnh","isPartOf":{"@id":"https:\/\/khowordpress.com\/huyndai3\/#website"},"primaryImageOfPage":{"@id":"https:\/\/khowordpress.com\/huyndai3\/mua-xe-hyundai-tra-gop\/#primaryimage"},"image":{"@id":"https:\/\/khowordpress.com\/huyndai3\/mua-xe-hyundai-tra-gop\/#primaryimage"},"thumbnailUrl":"http:\/\/hyundai3.maugiaodien.com\/wp-content\/uploads\/2020\/04\/after-global-title.png","datePublished":"2018-03-21T16:40:53+00:00","dateModified":"2020-07-07T09:39:41+00:00","description":"Qu\u00fd kh\u00e1ch h\u00e0ng c\u00f3 nhu c\u1ea7u mua \u00f4 t\u00f4 tr\u1ea3 g\u00f3p t\u1ea1i Qu\u1ea3ng B\u00ecnh, h\u00e3y li\u00ean h\u1ec7 v\u1edbi Hyundai Qu\u1ea3ng B\u00ecnh \u0111\u1ec3 \u0111\u01b0\u1ee3c t\u01b0 v\u1ea5n mua xe \u00f4 t\u00f4 hyundai tr\u1ea3 g\u00f3p \u1edf Qu\u1ea3ng B\u00ecnh.","breadcrumb":{"@id":"https:\/\/khowordpress.com\/huyndai3\/mua-xe-hyundai-tra-gop\/#breadcrumb"},"inLanguage":"vi","potentialAction":[{"@type":"ReadAction","target":["https:\/\/khowordpress.com\/huyndai3\/mua-xe-hyundai-tra-gop\/"]}]},{"@type":"ImageObject","inLanguage":"vi","@id":"https:\/\/khowordpress.com\/huyndai3\/mua-xe-hyundai-tra-gop\/#primaryimage","url":"http:\/\/hyundai3.maugiaodien.com\/wp-content\/uploads\/2020\/04\/after-global-title.png","contentUrl":"http:\/\/hyundai3.maugiaodien.com\/wp-content\/uploads\/2020\/04\/after-global-title.png"},{"@type":"BreadcrumbList","@id":"https:\/\/khowordpress.com\/huyndai3\/mua-xe-hyundai-tra-gop\/#breadcrumb","itemListElement":[{"@type":"ListItem","position":1,"name":"Home","item":"https:\/\/khowordpress.com\/huyndai3\/"},{"@type":"ListItem","position":2,"name":"Mua xe Hyundai tr\u1ea3 g\u00f3p"}]},{"@type":"WebSite","@id":"https:\/\/khowordpress.com\/huyndai3\/#website","url":"https:\/\/khowordpress.com\/huyndai3\/","name":"\u0110\u1ea1i l\u00fd Hyundai","description":"","publisher":{"@id":"https:\/\/khowordpress.com\/huyndai3\/#organization"},"potentialAction":[{"@type":"SearchAction","target":{"@type":"EntryPoint","urlTemplate":"https:\/\/khowordpress.com\/huyndai3\/?s={search_term_string}"},"query-input":{"@type":"PropertyValueSpecification","valueRequired":true,"valueName":"search_term_string"}}],"inLanguage":"vi"},{"@type":"Organization","@id":"https:\/\/khowordpress.com\/huyndai3\/#organization","name":"\u0110\u1ea1i l\u00fd Hyundai t\u1ea1i Qu\u1ea3ng B\u00ecnh","url":"https:\/\/khowordpress.com\/huyndai3\/","logo":{"@type":"ImageObject","inLanguage":"vi","@id":"https:\/\/khowordpress.com\/huyndai3\/#\/schema\/logo\/image\/","url":"http:\/\/hyundai3.maugiaodien.com\/wp-content\/uploads\/2018\/03\/hyunhdai-quangbinh-logo-ok.png","contentUrl":"http:\/\/hyundai3.maugiaodien.com\/wp-content\/uploads\/2018\/03\/hyunhdai-quangbinh-logo-ok.png","width":350,"height":100,"caption":"\u0110\u1ea1i l\u00fd Hyundai t\u1ea1i Qu\u1ea3ng B\u00ecnh"},"image":{"@id":"https:\/\/khowordpress.com\/huyndai3\/#\/schema\/logo\/image\/"},"sameAs":["https:\/\/www.facebook.com\/sonqb.team","https:\/\/x.com\/sonqb_vn"]}]}},"_links":{"self":[{"href":"https:\/\/khowordpress.com\/huyndai3\/wp-json\/wp\/v2\/pages\/1899","targetHints":{"allow":["GET"]}}],"collection":[{"href":"https:\/\/khowordpress.com\/huyndai3\/wp-json\/wp\/v2\/pages"}],"about":[{"href":"https:\/\/khowordpress.com\/huyndai3\/wp-json\/wp\/v2\/types\/page"}],"author":[{"embeddable":true,"href":"https:\/\/khowordpress.com\/huyndai3\/wp-json\/wp\/v2\/users\/1"}],"replies":[{"embeddable":true,"href":"https:\/\/khowordpress.com\/huyndai3\/wp-json\/wp\/v2\/comments?post=1899"}],"version-history":[{"count":9,"href":"https:\/\/khowordpress.com\/huyndai3\/wp-json\/wp\/v2\/pages\/1899\/revisions"}],"predecessor-version":[{"id":3394,"href":"https:\/\/khowordpress.com\/huyndai3\/wp-json\/wp\/v2\/pages\/1899\/revisions\/3394"}],"wp:attachment":[{"href":"https:\/\/khowordpress.com\/huyndai3\/wp-json\/wp\/v2\/media?parent=1899"}],"curies":[{"name":"wp","href":"https:\/\/api.w.org\/{rel}","templated":true}]}}