{"id":2280,"date":"2018-04-07T11:05:42","date_gmt":"2018-04-07T04:05:42","guid":{"rendered":"http:\/\/hyundai3.maugiaodien.com\/?page_id=2280"},"modified":"2018-04-12T02:16:58","modified_gmt":"2018-04-11T19:16:58","slug":"phu-tung-phu-kien-chinh-hang","status":"publish","type":"page","link":"https:\/\/khowordpress.com\/huyndai3\/phu-tung-phu-kien-chinh-hang\/","title":{"rendered":"Ph\u1ee5 t\u00f9ng &amp; Ph\u1ee5 ki\u1ec7n ch\u00ednh h\u00e3ng"},"content":{"rendered":"<h2 style=\"text-align: center;\">PH\u1ee4 T\u00d9NG &amp; PH\u1ee4 KI\u1ec6N CH\u00cdNH H\u00c3NG<\/h2>\n<p>Khi \u0111\u1eb7t mua ph\u1ee5 t\u00f9ng, Qu\u00fd kh\u00e1ch h\u00e3y lu\u00f4n ch\u1ecdn ph\u1ee5 t\u00f9ng ch\u00ednh hi\u1ec7u Hyundai Mobis b\u1edfi v\u00ec:<\/p>\n<p>&#8211; Ch\u1ea5t l\u01b0\u1ee3ng \u0111\u00e1ng tin c\u1eady v\u1ec1 m\u1eb7t k\u1ef9 thu\u1eadt, an to\u00e0n c\u0169ng nh\u01b0 hi\u1ec7u qu\u1ea3 kinh t\u1ebf.<\/p>\n<p>&#8211; Ph\u1ee5 t\u00f9ng ch\u00ednh hi\u1ec7u lu\u00f4n lu\u00f4n t\u01b0\u01a1ng th\u00edch v\u1edbi xe c\u1ee7a Qu\u00fd kh\u00e1ch, k\u1ec3 c\u1ea3 nh\u1eefng chi ti\u1ebft nh\u1ecf nh\u1ea5t.<\/p>\n<p>&#8211; Ph\u1ee5 t\u00f9ng ch\u00ednh hi\u1ec7u \u0111\u00e3 \u0111\u01b0\u1ee3c ki\u1ec3m tra v\u1ec1 m\u1eb7t ch\u1ea5t l\u01b0\u1ee3ng<\/p>\n<p>&#8211; Ph\u1ee5 t\u00f9ng ch\u00ednh hi\u1ec7u Hyundai &#8211; Mobis ch\u1ec9 \u0111\u01b0\u1ee3c cung c\u1ea5p th\u00f4ng qua m\u1ea1ng l\u01b0\u1edbi \u0111\u1ea1i l\u00fd \u1ee7y quy\u1ec1n d\u1ecbch v\u1ee5.<\/p>\n<p><strong>L\u00e0m th\u1ebf n\u00e0o \u0111\u1ec3 bi\u1ebft ph\u1ee5 t\u00f9ng ch\u00ednh hi\u1ec7u<\/strong><\/p>\n<p>&#8211; Bao b\u00ec \u0111\u00f3ng g\u00f3i cho ph\u1ee5 t\u00f9ng ch\u00ednh hi\u1ec7u Hyundai &#8211; Mobis kh\u00f4ng ch\u1ec9 b\u1ea3o \u0111\u1ea3m an to\u00e0n trong qu\u00e1 tr\u00ecnh v\u1eadn chuy\u1ec3n m\u00e0 c\u00f2n l\u00e0 c\u01a1 s\u1edf cho vi\u1ec7c ch\u1ed1ng l\u1ea1i h\u00e0ng gi\u1ea3 m\u1ea1o. Bao b\u00ec \u1ea5y \u0111\u01b0\u1ee3c ph\u00e2n bi\u1ec7t th\u00f4ng qua thi\u1ebft k\u1ebf \u0111\u1eb7c bi\u1ec7t v\u00e0 nh\u00e3n ph\u1ee5 t\u00f9ng th\u1ed1ng nh\u1ea5t.<\/p>\n<p>&#8211; Khi ph\u1ee5 t\u00f9ng c\u00f2n nguy\u00ean v\u1eb9n ch\u01b0a m\u1edf ra s\u1eed d\u1ee5ng, m\u1ed9t tem ch\u1ed1ng h\u00e0ng gi\u1ea3 v\u1eabn c\u00f2n ni\u00eam phong tr\u00ean bao b\u00ec c\u1ee7a ph\u1ee5 t\u00f9ng \u0111\u00f3. M\u1ed9t s\u1ed1 ph\u1ee5 t\u00f9ng ph\u1ea3i c\u00f3 t\u00ednh an to\u00e0n cao nh\u01b0 l\u1ecdc nh\u1edbt, b\u1ed1 th\u1eafng, hay l\u00e0 l\u1ecdc gi\u00f3 v\u00e0 n\u00f3 ph\u1ea3i \u0111\u01b0\u1ee3c thay th\u1ebf \u0111\u00fang theo \u0111\u1ecbnh k\u1ef3 quy \u0111\u1ecbnh.<\/p>\n<p>&#8211; M\u1ed9t khi bao b\u00ec \u0111\u00f3ng g\u00f3i cho ph\u1ee5 t\u00f9ng \u0111\u00e3 \u0111\u01b0\u1ee3c m\u1edf ra th\u00ec tem ch\u1ed1ng h\u00e0ng gi\u1ea3 c\u0169ng s\u1ebd b\u1ecb r\u00e1ch v\u00e0 kh\u00f4ng th\u1ec3 s\u1eed d\u1ee5ng l\u1ea1i \u0111\u01b0\u1ee3c. V\u00ec v\u1eady khi Qu\u00fd kh\u00e1ch mua ph\u1ee5 t\u00f9ng ch\u00ednh hi\u1ec7u th\u00ec \u0111i\u1ec3m \u0111\u1eb7c tr\u01b0ng lu\u00f4n lu\u00f4n c\u00f3 \u0111\u00f3 l\u00e0 tem ch\u1ed1ng h\u00e0ng gi\u1ea3 ph\u1ea3i c\u00f2n nguy\u00ean v\u1eb9n<\/p>\n<p><strong>Ph\u1ee5 t\u00f9ng ch\u00ednh hi\u1ec7u \u2013 Ph\u1ee5 t\u00f9ng gi\u1ea3 m\u1ea1o<\/strong><\/p>\n<p>&#8211; Ph\u1ee5 t\u00f9ng gi\u1ea3 m\u1ea1o c\u00f3 th\u1ec3 mua \u0111\u01b0\u1ee3c<\/p>\n<p>&#8211; Nh\u1eefng ng\u01b0\u1eddi l\u00e0m h\u00e0ng gi\u1ea3 m\u1ea1o kh\u00f4ng ch\u1ec9 d\u1eebng l\u1ea1i \u1edf nh\u1eefng ph\u1ee5 t\u00f9ng thay th\u1ebf: H\u00e0ng gi\u1ea3 m\u1ea1o ch\u00ednh hi\u1ec7u Hyundai &#8211; Mobis c\u00f3 th\u1ec3 ti\u00eau th\u1ee5 (mua) tr\u00ean th\u1ecb tr\u01b0\u1eddng.<\/p>\n<p><strong>Ph\u1ee5 t\u00f9ng ch\u00ednh hi\u1ec7u \u2013 Nh\u1eefng th\u1eafc m\u1eafc<\/strong><\/p>\n<p>\u0110\u1ec3 cung c\u1ea5p \u0111\u1ebfn qu\u00fd kh\u00e1ch c\u00e1c th\u00f4ng tin ph\u1ee5 t\u00f9ng ch\u00ednh hi\u1ec7u m\u1ed9t c\u00e1ch ch\u00ednh x\u00e1c, qu\u00fd kh\u00e1ch vui l\u00f2ng \u0111i\u1ec1n \u0111\u1ea7y \u0111\u1ee7 th\u00f4ng tin trong m\u1eabu y\u00eau c\u1ea7u b\u00e1o gi\u00e1 v\u00e0 g\u1eedi cho ch\u00fang t\u00f4i. Ngay khi nh\u1eadn \u0111\u01b0\u1ee3c c\u00e1c y\u00eau c\u1ea7u c\u1ee7a Qu\u00fd Kh\u00e1ch ch\u00fang t\u00f4i gi\u1ea3i quy\u1ebft v\u00e0 s\u1ebd li\u00ean l\u1ea1c l\u1ea1i nh\u1eb1m th\u1ecfa m\u00e3n c\u00e1c y\u00eau c\u1ea7u c\u1ee7a qu\u00fd kh\u00e1ch m\u1ed9t c\u00e1ch ho\u00e0n h\u1ea3o.<\/p>\n","protected":false},"excerpt":{"rendered":"<p>PH\u1ee4 T\u00d9NG &amp; PH\u1ee4 KI\u1ec6N CH\u00cdNH H\u00c3NG Khi \u0111\u1eb7t mua ph\u1ee5 t\u00f9ng, Qu\u00fd kh\u00e1ch h\u00e3y lu\u00f4n ch\u1ecdn ph\u1ee5 t\u00f9ng ch\u00ednh hi\u1ec7u Hyundai Mobis b\u1edfi v\u00ec: &#8211; Ch\u1ea5t l\u01b0\u1ee3ng \u0111\u00e1ng tin c\u1eady v\u1ec1 m\u1eb7t k\u1ef9 thu\u1eadt, an to\u00e0n c\u0169ng nh\u01b0 hi\u1ec7u qu\u1ea3 kinh t\u1ebf. &#8211; Ph\u1ee5 t\u00f9ng ch\u00ednh hi\u1ec7u lu\u00f4n lu\u00f4n t\u01b0\u01a1ng th\u00edch v\u1edbi xe c\u1ee7a..<\/p>\n","protected":false},"author":12,"featured_media":0,"parent":0,"menu_order":0,"comment_status":"open","ping_status":"closed","template":"page-right-sidebar.php","meta":{"footnotes":""},"class_list":["post-2280","page","type-page","status-publish","hentry"],"yoast_head":"<!-- This site is optimized with the Yoast SEO plugin v26.8 - https:\/\/yoast.com\/product\/yoast-seo-wordpress\/ -->\n<title>Ph\u1ee5 t\u00f9ng &amp; Ph\u1ee5 ki\u1ec7n ch\u00ednh h\u00e3ng - \u0110\u1ea1i L\u00fd Hyundai Qu\u1ea3ng B\u00ecnh<\/title>\n<meta name=\"robots\" content=\"noindex, follow, max-snippet:-1, max-image-preview:large, max-video-preview:-1\" \/>\n<meta property=\"og:locale\" content=\"vi_VN\" \/>\n<meta property=\"og:type\" content=\"article\" \/>\n<meta property=\"og:title\" content=\"Ph\u1ee5 t\u00f9ng &amp; Ph\u1ee5 ki\u1ec7n ch\u00ednh h\u00e3ng - \u0110\u1ea1i L\u00fd Hyundai Qu\u1ea3ng B\u00ecnh\" \/>\n<meta property=\"og:description\" content=\"PH\u1ee4 T\u00d9NG &amp; PH\u1ee4 KI\u1ec6N CH\u00cdNH H\u00c3NG Khi \u0111\u1eb7t mua ph\u1ee5 t\u00f9ng, Qu\u00fd kh\u00e1ch h\u00e3y lu\u00f4n ch\u1ecdn ph\u1ee5 t\u00f9ng ch\u00ednh hi\u1ec7u Hyundai Mobis b\u1edfi v\u00ec: &#8211; Ch\u1ea5t l\u01b0\u1ee3ng \u0111\u00e1ng tin c\u1eady v\u1ec1 m\u1eb7t k\u1ef9 thu\u1eadt, an to\u00e0n c\u0169ng nh\u01b0 hi\u1ec7u qu\u1ea3 kinh t\u1ebf. &#8211; Ph\u1ee5 t\u00f9ng ch\u00ednh hi\u1ec7u lu\u00f4n lu\u00f4n t\u01b0\u01a1ng th\u00edch v\u1edbi xe c\u1ee7a..\" \/>\n<meta property=\"og:url\" content=\"https:\/\/khowordpress.com\/huyndai3\/phu-tung-phu-kien-chinh-hang\/\" \/>\n<meta property=\"og:site_name\" content=\"\u0110\u1ea1i l\u00fd Hyundai\" \/>\n<meta property=\"article:publisher\" content=\"https:\/\/www.facebook.com\/sonqb.team\" \/>\n<meta property=\"article:modified_time\" content=\"2018-04-11T19:16:58+00:00\" \/>\n<meta property=\"og:image\" content=\"https:\/\/khowordpress.com\/huyndai3\/wp-content\/uploads\/2018\/04\/bg-facebook.png\" \/>\n\t<meta property=\"og:image:width\" content=\"940\" \/>\n\t<meta property=\"og:image:height\" content=\"492\" \/>\n\t<meta property=\"og:image:type\" content=\"image\/png\" \/>\n<meta name=\"twitter:card\" content=\"summary_large_image\" \/>\n<meta name=\"twitter:site\" content=\"@sonqb_vn\" \/>\n<meta name=\"twitter:label1\" content=\"\u01af\u1edbc t\u00ednh th\u1eddi gian \u0111\u1ecdc\" \/>\n\t<meta name=\"twitter:data1\" content=\"3 ph\u00fat\" \/>\n<script type=\"application\/ld+json\" class=\"yoast-schema-graph\">{\"@context\":\"https:\/\/schema.org\",\"@graph\":[{\"@type\":\"WebPage\",\"@id\":\"https:\/\/khowordpress.com\/huyndai3\/phu-tung-phu-kien-chinh-hang\/\",\"url\":\"https:\/\/khowordpress.com\/huyndai3\/phu-tung-phu-kien-chinh-hang\/\",\"name\":\"Ph\u1ee5 t\u00f9ng &amp; Ph\u1ee5 ki\u1ec7n ch\u00ednh h\u00e3ng - \u0110\u1ea1i L\u00fd Hyundai Qu\u1ea3ng B\u00ecnh\",\"isPartOf\":{\"@id\":\"https:\/\/khowordpress.com\/huyndai3\/#website\"},\"datePublished\":\"2018-04-07T04:05:42+00:00\",\"dateModified\":\"2018-04-11T19:16:58+00:00\",\"breadcrumb\":{\"@id\":\"https:\/\/khowordpress.com\/huyndai3\/phu-tung-phu-kien-chinh-hang\/#breadcrumb\"},\"inLanguage\":\"vi\",\"potentialAction\":[{\"@type\":\"ReadAction\",\"target\":[\"https:\/\/khowordpress.com\/huyndai3\/phu-tung-phu-kien-chinh-hang\/\"]}]},{\"@type\":\"BreadcrumbList\",\"@id\":\"https:\/\/khowordpress.com\/huyndai3\/phu-tung-phu-kien-chinh-hang\/#breadcrumb\",\"itemListElement\":[{\"@type\":\"ListItem\",\"position\":1,\"name\":\"Home\",\"item\":\"https:\/\/khowordpress.com\/huyndai3\/\"},{\"@type\":\"ListItem\",\"position\":2,\"name\":\"Ph\u1ee5 t\u00f9ng &amp; Ph\u1ee5 ki\u1ec7n ch\u00ednh h\u00e3ng\"}]},{\"@type\":\"WebSite\",\"@id\":\"https:\/\/khowordpress.com\/huyndai3\/#website\",\"url\":\"https:\/\/khowordpress.com\/huyndai3\/\",\"name\":\"\u0110\u1ea1i l\u00fd Hyundai\",\"description\":\"\",\"publisher\":{\"@id\":\"https:\/\/khowordpress.com\/huyndai3\/#organization\"},\"potentialAction\":[{\"@type\":\"SearchAction\",\"target\":{\"@type\":\"EntryPoint\",\"urlTemplate\":\"https:\/\/khowordpress.com\/huyndai3\/?s={search_term_string}\"},\"query-input\":{\"@type\":\"PropertyValueSpecification\",\"valueRequired\":true,\"valueName\":\"search_term_string\"}}],\"inLanguage\":\"vi\"},{\"@type\":\"Organization\",\"@id\":\"https:\/\/khowordpress.com\/huyndai3\/#organization\",\"name\":\"\u0110\u1ea1i l\u00fd Hyundai t\u1ea1i Qu\u1ea3ng B\u00ecnh\",\"url\":\"https:\/\/khowordpress.com\/huyndai3\/\",\"logo\":{\"@type\":\"ImageObject\",\"inLanguage\":\"vi\",\"@id\":\"https:\/\/khowordpress.com\/huyndai3\/#\/schema\/logo\/image\/\",\"url\":\"http:\/\/hyundai3.maugiaodien.com\/wp-content\/uploads\/2018\/03\/hyunhdai-quangbinh-logo-ok.png\",\"contentUrl\":\"http:\/\/hyundai3.maugiaodien.com\/wp-content\/uploads\/2018\/03\/hyunhdai-quangbinh-logo-ok.png\",\"width\":350,\"height\":100,\"caption\":\"\u0110\u1ea1i l\u00fd Hyundai t\u1ea1i Qu\u1ea3ng B\u00ecnh\"},\"image\":{\"@id\":\"https:\/\/khowordpress.com\/huyndai3\/#\/schema\/logo\/image\/\"},\"sameAs\":[\"https:\/\/www.facebook.com\/sonqb.team\",\"https:\/\/x.com\/sonqb_vn\"]}]}<\/script>\n<!-- \/ Yoast SEO plugin. -->","yoast_head_json":{"title":"Ph\u1ee5 t\u00f9ng &amp; Ph\u1ee5 ki\u1ec7n ch\u00ednh h\u00e3ng - \u0110\u1ea1i L\u00fd Hyundai Qu\u1ea3ng B\u00ecnh","robots":{"index":"noindex","follow":"follow","max-snippet":"max-snippet:-1","max-image-preview":"max-image-preview:large","max-video-preview":"max-video-preview:-1"},"og_locale":"vi_VN","og_type":"article","og_title":"Ph\u1ee5 t\u00f9ng &amp; Ph\u1ee5 ki\u1ec7n ch\u00ednh h\u00e3ng - \u0110\u1ea1i L\u00fd Hyundai Qu\u1ea3ng B\u00ecnh","og_description":"PH\u1ee4 T\u00d9NG &amp; PH\u1ee4 KI\u1ec6N CH\u00cdNH H\u00c3NG Khi \u0111\u1eb7t mua ph\u1ee5 t\u00f9ng, Qu\u00fd kh\u00e1ch h\u00e3y lu\u00f4n ch\u1ecdn ph\u1ee5 t\u00f9ng ch\u00ednh hi\u1ec7u Hyundai Mobis b\u1edfi v\u00ec: &#8211; Ch\u1ea5t l\u01b0\u1ee3ng \u0111\u00e1ng tin c\u1eady v\u1ec1 m\u1eb7t k\u1ef9 thu\u1eadt, an to\u00e0n c\u0169ng nh\u01b0 hi\u1ec7u qu\u1ea3 kinh t\u1ebf. &#8211; Ph\u1ee5 t\u00f9ng ch\u00ednh hi\u1ec7u lu\u00f4n lu\u00f4n t\u01b0\u01a1ng th\u00edch v\u1edbi xe c\u1ee7a..","og_url":"https:\/\/khowordpress.com\/huyndai3\/phu-tung-phu-kien-chinh-hang\/","og_site_name":"\u0110\u1ea1i l\u00fd Hyundai","article_publisher":"https:\/\/www.facebook.com\/sonqb.team","article_modified_time":"2018-04-11T19:16:58+00:00","og_image":[{"width":940,"height":492,"url":"https:\/\/khowordpress.com\/huyndai3\/wp-content\/uploads\/2018\/04\/bg-facebook.png","type":"image\/png"}],"twitter_card":"summary_large_image","twitter_site":"@sonqb_vn","twitter_misc":{"\u01af\u1edbc t\u00ednh th\u1eddi gian \u0111\u1ecdc":"3 ph\u00fat"},"schema":{"@context":"https:\/\/schema.org","@graph":[{"@type":"WebPage","@id":"https:\/\/khowordpress.com\/huyndai3\/phu-tung-phu-kien-chinh-hang\/","url":"https:\/\/khowordpress.com\/huyndai3\/phu-tung-phu-kien-chinh-hang\/","name":"Ph\u1ee5 t\u00f9ng &amp; Ph\u1ee5 ki\u1ec7n ch\u00ednh h\u00e3ng - \u0110\u1ea1i L\u00fd Hyundai Qu\u1ea3ng B\u00ecnh","isPartOf":{"@id":"https:\/\/khowordpress.com\/huyndai3\/#website"},"datePublished":"2018-04-07T04:05:42+00:00","dateModified":"2018-04-11T19:16:58+00:00","breadcrumb":{"@id":"https:\/\/khowordpress.com\/huyndai3\/phu-tung-phu-kien-chinh-hang\/#breadcrumb"},"inLanguage":"vi","potentialAction":[{"@type":"ReadAction","target":["https:\/\/khowordpress.com\/huyndai3\/phu-tung-phu-kien-chinh-hang\/"]}]},{"@type":"BreadcrumbList","@id":"https:\/\/khowordpress.com\/huyndai3\/phu-tung-phu-kien-chinh-hang\/#breadcrumb","itemListElement":[{"@type":"ListItem","position":1,"name":"Home","item":"https:\/\/khowordpress.com\/huyndai3\/"},{"@type":"ListItem","position":2,"name":"Ph\u1ee5 t\u00f9ng &amp; Ph\u1ee5 ki\u1ec7n ch\u00ednh h\u00e3ng"}]},{"@type":"WebSite","@id":"https:\/\/khowordpress.com\/huyndai3\/#website","url":"https:\/\/khowordpress.com\/huyndai3\/","name":"\u0110\u1ea1i l\u00fd Hyundai","description":"","publisher":{"@id":"https:\/\/khowordpress.com\/huyndai3\/#organization"},"potentialAction":[{"@type":"SearchAction","target":{"@type":"EntryPoint","urlTemplate":"https:\/\/khowordpress.com\/huyndai3\/?s={search_term_string}"},"query-input":{"@type":"PropertyValueSpecification","valueRequired":true,"valueName":"search_term_string"}}],"inLanguage":"vi"},{"@type":"Organization","@id":"https:\/\/khowordpress.com\/huyndai3\/#organization","name":"\u0110\u1ea1i l\u00fd Hyundai t\u1ea1i Qu\u1ea3ng B\u00ecnh","url":"https:\/\/khowordpress.com\/huyndai3\/","logo":{"@type":"ImageObject","inLanguage":"vi","@id":"https:\/\/khowordpress.com\/huyndai3\/#\/schema\/logo\/image\/","url":"http:\/\/hyundai3.maugiaodien.com\/wp-content\/uploads\/2018\/03\/hyunhdai-quangbinh-logo-ok.png","contentUrl":"http:\/\/hyundai3.maugiaodien.com\/wp-content\/uploads\/2018\/03\/hyunhdai-quangbinh-logo-ok.png","width":350,"height":100,"caption":"\u0110\u1ea1i l\u00fd Hyundai t\u1ea1i Qu\u1ea3ng B\u00ecnh"},"image":{"@id":"https:\/\/khowordpress.com\/huyndai3\/#\/schema\/logo\/image\/"},"sameAs":["https:\/\/www.facebook.com\/sonqb.team","https:\/\/x.com\/sonqb_vn"]}]}},"_links":{"self":[{"href":"https:\/\/khowordpress.com\/huyndai3\/wp-json\/wp\/v2\/pages\/2280","targetHints":{"allow":["GET"]}}],"collection":[{"href":"https:\/\/khowordpress.com\/huyndai3\/wp-json\/wp\/v2\/pages"}],"about":[{"href":"https:\/\/khowordpress.com\/huyndai3\/wp-json\/wp\/v2\/types\/page"}],"author":[{"embeddable":true,"href":"https:\/\/khowordpress.com\/huyndai3\/wp-json\/wp\/v2\/users\/12"}],"replies":[{"embeddable":true,"href":"https:\/\/khowordpress.com\/huyndai3\/wp-json\/wp\/v2\/comments?post=2280"}],"version-history":[{"count":4,"href":"https:\/\/khowordpress.com\/huyndai3\/wp-json\/wp\/v2\/pages\/2280\/revisions"}],"predecessor-version":[{"id":2456,"href":"https:\/\/khowordpress.com\/huyndai3\/wp-json\/wp\/v2\/pages\/2280\/revisions\/2456"}],"wp:attachment":[{"href":"https:\/\/khowordpress.com\/huyndai3\/wp-json\/wp\/v2\/media?parent=2280"}],"curies":[{"name":"wp","href":"https:\/\/api.w.org\/{rel}","templated":true}]}}