{"id":331,"date":"2021-04-26T01:32:20","date_gmt":"2021-04-26T01:32:20","guid":{"rendered":"http:\/\/trangsuc.maugiaodien.com\/?post_type=product&#038;p=331"},"modified":"2021-04-26T01:32:20","modified_gmt":"2021-04-26T01:32:20","slug":"nhan-cap-bac-dinh-da-pnjsilver-00087-00088","status":"publish","type":"product","link":"https:\/\/khowordpress.com\/trangsuc\/san-pham\/nhan-cap-bac-dinh-da-pnjsilver-00087-00088\/","title":{"rendered":"Nh\u1eabn c\u1eb7p b\u1ea1c \u0111\u00ednh \u0111\u00e1 PNJSilver 00087-00088"},"content":{"rendered":"<div class=\"pnj-title main-title\">\n<h2>Nh\u1eabn c\u1eb7p b\u1ea1c PNJSilver \u0111\u00ednh \u0111\u00e1<\/h2>\n<\/div>\n<div class=\"pnj-block-description-wrapper\">\n<div class=\"pnj-block-description\">\n<p>Hi\u1ec7n nay c\u00f3 r\u1ea5t nhi\u1ec1u trang s\u1ee9c gi\u00fap b\u1ea1n l\u01b0u gi\u1eef nh\u1eefng kho\u1ea3nh kh\u1eafc y\u00eau th\u01b0\u01a1ng hay k\u1ef7 ni\u1ec7m \u0111\u00e1ng nh\u1edb nh\u01b0 h\u1ea1t\u00a0charm, d\u00e2y c\u1ed5,\u00a0l\u1eafc,\u2026 Tuy nhi\u00ean, nh\u1eabn v\u1eabn l\u00e0 ph\u1ee5 ki\u1ec7n \u01b0a chu\u1ed9ng khi l\u1ef1a ch\u1ecdn \u0111\u1ec3 l\u01b0u l\u1ea1i nh\u01b0ng s\u1ef1 ki\u1ec7n, c\u1ed9t m\u1ed1c quan tr\u1ecdng. S\u1edf h\u1eefu thi\u1ebft k\u1ebf v\u00f4 c\u00f9ng tinh t\u1ebf, nh\u1eabn c\u1eb7p b\u1ea1c PNJSilver \u0111\u00ednh \u0111\u00e1 s\u1ebd l\u00e0 s\u1ef1 l\u1ef1a ch\u1ecdn ho\u00e0n h\u1ea3o cho b\u1ea1n.<\/p>\n<div class=\"mp-column-group\">\n<div class=\"mp-block-item mp-type-normal-feature\">\n<div class=\"mp-block-title\"><i class=\"logo-sprite\"><\/i><\/p>\n<h3>Nh\u1eabn c\u1eb7p b\u1ea1c PNJSilver s\u1edf h\u1eefu v\u1ebb \u0111\u1eb9p tr\u1ebb trung v\u00e0 tinh t\u1ebf<\/h3>\n<\/div>\n<div class=\"mp-block-description-wrapper\">\n<div class=\"mp-images\"><img decoding=\"async\" class=\"img-lazyload\" src=\"http:\/\/www.pnj.com.vn\/images\/content\/trang-suc-bac\/nhan\/1snd2kn05671.100-snd2kn05672.100-nhan-cap-bac-pnjsilver-dinh-da.jpg?1533028330455\" alt=\"Nh\u1eabn c\u1eb7p b\u1ea1c PNJSilver s\u1edf h\u1eefu thi\u1ebft k\u1ebf \u0111\u01a1n gi\u1ea3n\" data-src=\"\" \/><\/p>\n<p class=\"mp-image-description-center\">Nh\u1eabn c\u1eb7p b\u1ea1c PNJSilver s\u1edf h\u1eefu thi\u1ebft k\u1ebf \u0111\u01a1n gi\u1ea3n nh\u01b0ng tinh t\u1ebf<\/p>\n<div class=\"mp-block-description\">\n<p>S\u1edf h\u1eefu thi\u1ebft k\u1ebf gi\u1ed1ng nhau ho\u00e0n to\u00e0n v\u1edbi ki\u00eau d\u00e1ng tr\u00f2n c\u1ed5 \u0111i\u1ec3n k\u1ebft h\u1ee3p \u0111\u00e1 CZ \u0111\u01b0\u1ee3c \u0111\u00ednh m\u1ed9t c\u00e1ch tinh t\u1ebf,\u00a0nh\u1eabn PNJSilver\u00a0trong\u00a0BST Nh\u1eabn c\u1eb7p\\\u00a0mang v\u1ebb \u0111\u1eb9p tr\u1ebb trung v\u00e0 hi\u1ec7n \u0111\u1ea1i. Ngo\u00e0i ra, nh\u1eabn c\u1eb7p \u0111\u01b0\u1ee3c l\u00e0m t\u1eeb ch\u1ea5t li\u1ec7u b\u1ea1c cao c\u1ea5p, mang \u0111\u1ebfn \u0111\u1ed9 b\u1ec1n v\u00e0 an to\u00e0n cho ng\u01b0\u1eddi s\u1eed d\u1ee5ng.<\/p>\n<\/div>\n<\/div>\n<\/div>\n<div class=\"mp-block-item mp-type-normal-feature\">\n<div class=\"mp-block-title\"><i class=\"logo-sprite\"><\/i><\/p>\n<h3>Nh\u1eabn c\u1eb7p b\u1ea1c \u2013 S\u1ee3i d\u00e2y k\u1ebft n\u1ed1i y\u00eau th\u01b0\u01a1ng<\/h3>\n<\/div>\n<\/div>\n<div class=\"mp-block-description\">\n<p>N\u1ebfu h\u1ea1t charm l\u00e0\u00a0trang s\u1ee9c\u00a0gi\u00fap b\u1ea1n l\u01b0u gi\u1eef kho\u1ea3nh kh\u1eafc \u0111\u00e1ng nh\u1edb th\u00ec nh\u1eabn c\u1eb7p l\u1ea1i l\u00e0 s\u1ee3i d\u00e2y k\u1ebft n\u1ed1i gi\u1eefa hai ng\u01b0\u1eddi. Nh\u1eabn c\u1eb7p t\u1ef1a nh\u01b0 h\u01a1i \u1ea5m, c\u00e1i \u00f4m tr\u00e0n \u0111\u1ea7y t\u00ecnh y\u00eau th\u01b0\u01a1ng m\u00e0 ng\u01b0\u1eddi \u1ea5y mu\u1ed1n g\u1eedi \u0111\u1ebfn b\u1ea1n khi kh\u00f4ng k\u1ec1 b\u00ean. Nh\u1eabn c\u1eb7p l\u00e0 hi\u1ec7n th\u00e2n \u0111\u1ec3 minh ch\u1ee9ng cho t\u00ecnh y\u00eau c\u1ee7a hai ng\u01b0\u1eddi v\u00e0 c\u0169ng l\u00e0 \u201cb\u00f9a h\u1ed9 m\u1ec7nh\u201d gi\u00fap b\u1ea1n \u0111\u00e1nh d\u1ea5u ch\u1ee7 quy\u1ec1n \u0111\u1ed1i v\u1edbi ng\u01b0\u1eddi \u1ea5y.<\/p>\n<\/div>\n<\/div>\n<\/div>\n<\/div>\n<\/div>\n","protected":false},"excerpt":{"rendered":"<p>Hi\u1ec7n nay c\u00f3 r\u1ea5t nhi\u1ec1u trang s\u1ee9c gi\u00fap b\u1ea1n l\u01b0u gi\u1eef nh\u1eefng kho\u1ea3nh kh\u1eafc y\u00eau th\u01b0\u01a1ng hay k\u1ef7 ni\u1ec7m \u0111\u00e1ng nh\u1edb nh\u01b0 h\u1ea1t\u00a0charm, d\u00e2y c\u1ed5,\u00a0l\u1eafc,\u2026 Tuy nhi\u00ean, nh\u1eabn v\u1eabn l\u00e0 ph\u1ee5 ki\u1ec7n \u01b0a chu\u1ed9ng khi l\u1ef1a ch\u1ecdn \u0111\u1ec3 l\u01b0u l\u1ea1i nh\u01b0ng s\u1ef1 ki\u1ec7n, c\u1ed9t m\u1ed1c quan tr\u1ecdng. S\u1edf h\u1eefu thi\u1ebft k\u1ebf v\u00f4 c\u00f9ng tinh t\u1ebf, nh\u1eabn c\u1eb7p b\u1ea1c PNJSilver \u0111\u00ednh \u0111\u00e1 s\u1ebd l\u00e0 s\u1ef1 l\u1ef1a ch\u1ecdn ho\u00e0n h\u1ea3o cho b\u1ea1n.<\/p>\n","protected":false},"featured_media":332,"comment_status":"open","ping_status":"closed","template":"","meta":[],"class_list":["post-331","product","type-product","status-publish","has-post-thumbnail","hentry","product_cat-trang-suc","product_cat-nhan","pa_bo-suu-tap-phong-cach","pa_dip-tang-qua-qua-cuoi","pa_gioi-tinh-nu","pa_loai-da-chinh-synthetic","pa_loai-da-phu-cz","pa_mau-sac-bac","pa_qua-tang-cho-nguoi-than-cho-nang","pa_so-thich-sanh-dieu"],"yoast_head":"<!-- This site is optimized with the Yoast SEO Premium plugin v15.5 - https:\/\/yoast.com\/wordpress\/plugins\/seo\/ -->\n<title>Nh\u1eabn c\u1eb7p b\u1ea1c \u0111\u00ednh \u0111\u00e1 PNJSilver 00087-00088 - M\u1eabu web trang s\u1ee9c<\/title>\n<meta name=\"robots\" content=\"noindex, follow, max-snippet:-1, max-image-preview:large, max-video-preview:-1\" \/>\n<meta property=\"og:locale\" content=\"vi_VN\" \/>\n<meta property=\"og:type\" content=\"article\" \/>\n<meta property=\"og:title\" content=\"Nh\u1eabn c\u1eb7p b\u1ea1c \u0111\u00ednh \u0111\u00e1 PNJSilver 00087-00088 - M\u1eabu web trang s\u1ee9c\" \/>\n<meta property=\"og:description\" content=\"Hi\u1ec7n nay c\u00f3 r\u1ea5t nhi\u1ec1u trang s\u1ee9c gi\u00fap b\u1ea1n l\u01b0u gi\u1eef nh\u1eefng kho\u1ea3nh kh\u1eafc y\u00eau th\u01b0\u01a1ng hay k\u1ef7 ni\u1ec7m \u0111\u00e1ng nh\u1edb nh\u01b0 h\u1ea1t\u00a0charm, d\u00e2y c\u1ed5,\u00a0l\u1eafc,\u2026 Tuy nhi\u00ean, nh\u1eabn v\u1eabn l\u00e0 ph\u1ee5 ki\u1ec7n \u01b0a chu\u1ed9ng khi l\u1ef1a ch\u1ecdn \u0111\u1ec3 l\u01b0u l\u1ea1i nh\u01b0ng s\u1ef1 ki\u1ec7n, c\u1ed9t m\u1ed1c quan tr\u1ecdng. S\u1edf h\u1eefu thi\u1ebft k\u1ebf v\u00f4 c\u00f9ng tinh t\u1ebf, nh\u1eabn c\u1eb7p b\u1ea1c PNJSilver \u0111\u00ednh \u0111\u00e1 s\u1ebd l\u00e0 s\u1ef1 l\u1ef1a ch\u1ecdn ho\u00e0n h\u1ea3o cho b\u1ea1n.\" \/>\n<meta property=\"og:url\" content=\"https:\/\/khowordpress.com\/trangsuc\/san-pham\/nhan-cap-bac-dinh-da-pnjsilver-00087-00088\/\" \/>\n<meta property=\"og:site_name\" content=\"M\u1eabu web trang s\u1ee9c\" \/>\n<meta property=\"og:image\" content=\"https:\/\/khowordpress.com\/trangsuc\/wp-content\/uploads\/2021\/04\/snd2kn08497.100-snd2kn08498.100-nhan-cap-bac-pnjsilver-dinh-da-001.png\" \/>\n\t<meta property=\"og:image:width\" content=\"435\" \/>\n\t<meta property=\"og:image:height\" content=\"435\" \/>\n<meta name=\"twitter:card\" content=\"summary_large_image\" \/>\n<meta name=\"twitter:label1\" content=\"\u01af\u1edbc t\u00ednh th\u1eddi gian \u0111\u1ecdc\">\n\t<meta name=\"twitter:data1\" content=\"2 ph\u00fat\">\n<script type=\"application\/ld+json\" class=\"yoast-schema-graph\">{\"@context\":\"https:\/\/schema.org\",\"@graph\":[{\"@type\":\"WebSite\",\"@id\":\"https:\/\/khowordpress.com\/trangsuc\/#website\",\"url\":\"https:\/\/khowordpress.com\/trangsuc\/\",\"name\":\"M\\u1eabu web trang s\\u1ee9c\",\"description\":\"\",\"potentialAction\":[{\"@type\":\"SearchAction\",\"target\":\"https:\/\/khowordpress.com\/trangsuc\/?s={search_term_string}\",\"query-input\":\"required name=search_term_string\"}],\"inLanguage\":\"vi\"},{\"@type\":\"ImageObject\",\"@id\":\"https:\/\/khowordpress.com\/trangsuc\/san-pham\/nhan-cap-bac-dinh-da-pnjsilver-00087-00088\/#primaryimage\",\"inLanguage\":\"vi\",\"url\":\"https:\/\/khowordpress.com\/trangsuc\/wp-content\/uploads\/2021\/04\/snd2kn08497.100-snd2kn08498.100-nhan-cap-bac-pnjsilver-dinh-da-001.png\",\"width\":435,\"height\":435},{\"@type\":\"WebPage\",\"@id\":\"https:\/\/khowordpress.com\/trangsuc\/san-pham\/nhan-cap-bac-dinh-da-pnjsilver-00087-00088\/#webpage\",\"url\":\"https:\/\/khowordpress.com\/trangsuc\/san-pham\/nhan-cap-bac-dinh-da-pnjsilver-00087-00088\/\",\"name\":\"Nh\\u1eabn c\\u1eb7p b\\u1ea1c \\u0111\\u00ednh \\u0111\\u00e1 PNJSilver 00087-00088 - M\\u1eabu web trang s\\u1ee9c\",\"isPartOf\":{\"@id\":\"https:\/\/khowordpress.com\/trangsuc\/#website\"},\"primaryImageOfPage\":{\"@id\":\"https:\/\/khowordpress.com\/trangsuc\/san-pham\/nhan-cap-bac-dinh-da-pnjsilver-00087-00088\/#primaryimage\"},\"datePublished\":\"2021-04-26T01:32:20+00:00\",\"dateModified\":\"2021-04-26T01:32:20+00:00\",\"breadcrumb\":{\"@id\":\"https:\/\/khowordpress.com\/trangsuc\/san-pham\/nhan-cap-bac-dinh-da-pnjsilver-00087-00088\/#breadcrumb\"},\"inLanguage\":\"vi\",\"potentialAction\":[{\"@type\":\"ReadAction\",\"target\":[\"https:\/\/khowordpress.com\/trangsuc\/san-pham\/nhan-cap-bac-dinh-da-pnjsilver-00087-00088\/\"]}]},{\"@type\":\"BreadcrumbList\",\"@id\":\"https:\/\/khowordpress.com\/trangsuc\/san-pham\/nhan-cap-bac-dinh-da-pnjsilver-00087-00088\/#breadcrumb\",\"itemListElement\":[{\"@type\":\"ListItem\",\"position\":1,\"item\":{\"@type\":\"WebPage\",\"@id\":\"https:\/\/khowordpress.com\/trangsuc\/\",\"url\":\"https:\/\/khowordpress.com\/trangsuc\/\",\"name\":\"Trang ch\\u1ee7\"}},{\"@type\":\"ListItem\",\"position\":2,\"item\":{\"@type\":\"WebPage\",\"@id\":\"https:\/\/khowordpress.com\/trangsuc\/cua-hang\/\",\"url\":\"https:\/\/khowordpress.com\/trangsuc\/cua-hang\/\",\"name\":\"C\\u1eeda h\\u00e0ng\"}},{\"@type\":\"ListItem\",\"position\":3,\"item\":{\"@type\":\"WebPage\",\"@id\":\"https:\/\/khowordpress.com\/trangsuc\/san-pham\/nhan-cap-bac-dinh-da-pnjsilver-00087-00088\/\",\"url\":\"https:\/\/khowordpress.com\/trangsuc\/san-pham\/nhan-cap-bac-dinh-da-pnjsilver-00087-00088\/\",\"name\":\"Nh\\u1eabn c\\u1eb7p b\\u1ea1c \\u0111\\u00ednh \\u0111\\u00e1 PNJSilver 00087-00088\"}}]}]}<\/script>\n<!-- \/ Yoast SEO Premium plugin. -->","_links":{"self":[{"href":"https:\/\/khowordpress.com\/trangsuc\/wp-json\/wp\/v2\/product\/331","targetHints":{"allow":["GET"]}}],"collection":[{"href":"https:\/\/khowordpress.com\/trangsuc\/wp-json\/wp\/v2\/product"}],"about":[{"href":"https:\/\/khowordpress.com\/trangsuc\/wp-json\/wp\/v2\/types\/product"}],"replies":[{"embeddable":true,"href":"https:\/\/khowordpress.com\/trangsuc\/wp-json\/wp\/v2\/comments?post=331"}],"wp:featuredmedia":[{"embeddable":true,"href":"https:\/\/khowordpress.com\/trangsuc\/wp-json\/wp\/v2\/media\/332"}],"wp:attachment":[{"href":"https:\/\/khowordpress.com\/trangsuc\/wp-json\/wp\/v2\/media?parent=331"}],"curies":[{"name":"wp","href":"https:\/\/api.w.org\/{rel}","templated":true}]}}